Last updated on 2025-11-27 12:49:57 CET.
| Flavor | Version | Tinstall | Tcheck | Ttotal | Status | Flags |
|---|---|---|---|---|---|---|
| r-devel-linux-x86_64-debian-clang | 0.8.4 | 93.48 | 156.65 | 250.13 | OK | |
| r-devel-linux-x86_64-debian-gcc | 0.8.4 | 83.76 | 113.24 | 197.00 | OK | |
| r-devel-linux-x86_64-fedora-clang | 0.8.4 | 138.00 | 299.99 | 437.99 | OK | |
| r-devel-linux-x86_64-fedora-gcc | 0.8.4 | 261.00 | 225.75 | 486.75 | OK | |
| r-devel-windows-x86_64 | 0.8.4 | 181.00 | 166.00 | 347.00 | OK | |
| r-patched-linux-x86_64 | 0.8.4 | 105.36 | 150.35 | 255.71 | OK | |
| r-release-linux-x86_64 | 0.8.4 | 103.38 | 145.04 | 248.42 | OK | |
| r-release-macos-arm64 | 0.8.4 | OK | ||||
| r-release-macos-x86_64 | 0.8.4 | 37.00 | 109.00 | 146.00 | OK | |
| r-release-windows-x86_64 | 0.8.4 | 116.00 | 203.00 | 319.00 | OK | |
| r-oldrel-macos-arm64 | 0.8.4 | NOTE | ||||
| r-oldrel-macos-x86_64 | 0.8.4 | 37.00 | 105.00 | 142.00 | NOTE | |
| r-oldrel-windows-x86_64 | 0.8.4 | 141.00 | 219.00 | 360.00 | ERROR |
Version: 0.8.4
Check: installed package size
Result: NOTE
installed size is 7.6Mb
sub-directories of 1Mb or more:
libs 6.5Mb
Flavors: r-oldrel-macos-arm64, r-oldrel-macos-x86_64
Version: 0.8.4
Check: tests
Result: ERROR
Running 'testthat.R' [23s]
Running the tests in 'tests/testthat.R' failed.
Complete output:
> # This file is part of the standard setup for testthat.
> # It is recommended that you do not modify it.
> #
> # Where should you do additional test configuration?
> # Learn more about the roles of various files in:
> # * https://r-pkgs.org/tests.html
> # * https://testthat.r-lib.org/reference/test_package.html#special-files
>
> library(testthat)
> library(valr)
>
> test_check("valr")
Starting 2 test processes.
> test_tbls.r:
Error:
! testthat subprocess exited in file 'test_tbls.r'.
Caused by error:
! R session crashed with exit code -1073741819
Backtrace:
▆
1. └─testthat::test_check("valr")
2. └─testthat::test_dir(...)
3. └─testthat:::test_files(...)
4. └─testthat:::test_files_parallel(...)
5. ├─withr::with_dir(...)
6. │ └─base::force(code)
7. ├─testthat::with_reporter(...)
8. │ └─base::tryCatch(...)
9. │ └─base (local) tryCatchList(expr, classes, parentenv, handlers)
10. │ └─base (local) tryCatchOne(expr, names, parentenv, handlers[[1L]])
11. │ └─base (local) doTryCatch(return(expr), name, parentenv, handler)
12. └─testthat:::parallel_event_loop_chunky(queue, reporters, ".")
13. └─queue$poll(Inf)
14. └─base::lapply(...)
15. └─testthat (local) FUN(X[[i]], ...)
16. └─private$handle_error(msg, i)
17. └─cli::cli_abort(...)
18. └─rlang::abort(...)
Execution halted
Flavor: r-oldrel-windows-x86_64