Last updated on 2025-11-27 18:49:03 CET.
| Flavor | Version | Tinstall | Tcheck | Ttotal | Status | Flags |
|---|---|---|---|---|---|---|
| r-devel-linux-x86_64-debian-clang | 0.4.15 | 33.21 | 108.94 | 142.15 | NOTE | |
| r-devel-linux-x86_64-debian-gcc | 0.4.15 | 27.83 | 75.94 | 103.77 | NOTE | |
| r-devel-linux-x86_64-fedora-clang | 0.4.15 | 61.00 | 168.13 | 229.13 | NOTE | |
| r-devel-linux-x86_64-fedora-gcc | 0.4.15 | 131.00 | 129.05 | 260.05 | NOTE | |
| r-devel-windows-x86_64 | 0.4.15 | 51.00 | 142.00 | 193.00 | NOTE | |
| r-patched-linux-x86_64 | 0.4.15 | 39.29 | 99.49 | 138.78 | NOTE | |
| r-release-linux-x86_64 | 0.4.15 | 35.84 | 101.03 | 136.87 | NOTE | |
| r-release-macos-arm64 | 0.4.15 | NOTE | ||||
| r-release-macos-x86_64 | 0.4.15 | 24.00 | 118.00 | 142.00 | NOTE | |
| r-release-windows-x86_64 | 0.4.15 | 47.00 | 153.00 | 200.00 | NOTE | |
| r-oldrel-macos-arm64 | 0.4.15 | NOTE | ||||
| r-oldrel-macos-x86_64 | 0.4.15 | 11.00 | 60.00 | 71.00 | NOTE | |
| r-oldrel-windows-x86_64 | 0.4.15 | 55.00 | 178.00 | 233.00 | NOTE |
Version: 0.4.15
Check: C++ specification
Result: NOTE
Specified C++11: please drop specification unless essential
Flavors: r-devel-linux-x86_64-debian-clang, r-devel-linux-x86_64-debian-gcc, r-devel-windows-x86_64, r-patched-linux-x86_64, r-release-linux-x86_64, r-release-macos-arm64, r-release-macos-x86_64, r-release-windows-x86_64, r-oldrel-macos-arm64, r-oldrel-macos-x86_64, r-oldrel-windows-x86_64
Version: 0.4.15
Check: C++ specification
Result: NOTE
Specified C++11: support will be removed soon
Flavors: r-devel-linux-x86_64-fedora-clang, r-devel-linux-x86_64-fedora-gcc
Version: 0.4.15
Check: installed package size
Result: NOTE
installed size is 8.7Mb
sub-directories of 1Mb or more:
data 4.6Mb
libs 2.7Mb
Flavors: r-oldrel-macos-arm64, r-oldrel-macos-x86_64, r-oldrel-windows-x86_64
Version: 0.4.15
Check: for GNU extensions in Makefiles
Result: NOTE
GNU make is a SystemRequirements.
Flavors: r-oldrel-macos-arm64, r-oldrel-macos-x86_64, r-oldrel-windows-x86_64