Last updated on 2025-07-17 11:50:49 CEST.
Flavor | Version | Tinstall | Tcheck | Ttotal | Status | Flags |
---|---|---|---|---|---|---|
r-devel-linux-x86_64-debian-clang | 0.2.0 | 2.43 | 88.47 | 90.90 | OK | |
r-devel-linux-x86_64-debian-gcc | 0.2.0 | 1.88 | 58.31 | 60.19 | OK | |
r-devel-linux-x86_64-fedora-clang | 0.2.0 | 140.15 | NOTE | |||
r-devel-linux-x86_64-fedora-gcc | 0.2.0 | 148.93 | NOTE | |||
r-devel-windows-x86_64 | 0.2.0 | 4.00 | 100.00 | 104.00 | OK | |
r-patched-linux-x86_64 | 0.2.0 | 2.39 | 80.43 | 82.82 | OK | |
r-release-linux-x86_64 | 0.2.0 | 2.41 | 79.96 | 82.37 | OK | |
r-release-macos-arm64 | 0.2.0 | 57.00 | OK | |||
r-release-macos-x86_64 | 0.2.0 | 116.00 | OK | |||
r-release-windows-x86_64 | 0.2.0 | 4.00 | 99.00 | 103.00 | OK | |
r-oldrel-macos-arm64 | 0.2.0 | 50.00 | OK | |||
r-oldrel-macos-x86_64 | 0.2.0 | 81.00 | OK | |||
r-oldrel-windows-x86_64 | 0.2.0 | 5.00 | 127.00 | 132.00 | OK |
Version: 0.2.0
Check: dependencies in R code
Result: NOTE
Namespace in Imports field not imported from: ‘lwgeom’
All declared Imports should be used.
Flavors: r-devel-linux-x86_64-fedora-clang, r-devel-linux-x86_64-fedora-gcc