Last updated on 2025-11-27 18:49:01 CET.
| Flavor | Version | Tinstall | Tcheck | Ttotal | Status | Flags |
|---|---|---|---|---|---|---|
| r-devel-linux-x86_64-debian-clang | 0.1.4 | 13.14 | 29.68 | 42.82 | NOTE | |
| r-devel-linux-x86_64-debian-gcc | 0.1.4 | 10.00 | 22.98 | 32.98 | NOTE | |
| r-devel-linux-x86_64-fedora-clang | 0.1.5 | 11.00 | 41.78 | 52.78 | OK | |
| r-devel-linux-x86_64-fedora-gcc | 0.1.5 | 14.00 | 61.14 | 75.14 | OK | |
| r-devel-windows-x86_64 | 0.1.4 | 21.00 | 63.00 | 84.00 | NOTE | |
| r-patched-linux-x86_64 | 0.1.4 | 13.21 | 28.02 | 41.23 | NOTE | |
| r-release-linux-x86_64 | 0.1.4 | 13.59 | 28.22 | 41.81 | NOTE | |
| r-release-macos-arm64 | 0.1.4 | NOTE | ||||
| r-release-macos-x86_64 | 0.1.5 | 28.00 | 127.00 | 155.00 | OK | |
| r-release-windows-x86_64 | 0.1.4 | 15.00 | 74.00 | 89.00 | NOTE | |
| r-oldrel-macos-arm64 | 0.1.4 | NOTE | ||||
| r-oldrel-macos-x86_64 | 0.1.5 | 34.00 | 131.00 | 165.00 | OK | |
| r-oldrel-windows-x86_64 | 0.1.4 | 16.00 | 78.00 | 94.00 | NOTE |
Version: 0.1.4
Check: Rd files
Result: NOTE
checkRd: (-1) smith_waterman.Rd:56: Lost braces in \itemize; \value handles \item{}{} directly
checkRd: (-1) smith_waterman.Rd:57: Lost braces in \itemize; \value handles \item{}{} directly
checkRd: (-1) smith_waterman.Rd:58: Lost braces in \itemize; \value handles \item{}{} directly
checkRd: (-1) smith_waterman.Rd:59: Lost braces in \itemize; \value handles \item{}{} directly
checkRd: (-1) smith_waterman.Rd:60: Lost braces in \itemize; \value handles \item{}{} directly
checkRd: (-1) smith_waterman.Rd:61: Lost braces in \itemize; \value handles \item{}{} directly
checkRd: (-1) smith_waterman.Rd:62: Lost braces in \itemize; \value handles \item{}{} directly
checkRd: (-1) smith_waterman.Rd:63: Lost braces in \itemize; \value handles \item{}{} directly
checkRd: (-1) smith_waterman.Rd:64: Lost braces in \itemize; \value handles \item{}{} directly
checkRd: (-1) smith_waterman.Rd:68: Lost braces in \itemize; \value handles \item{}{} directly
checkRd: (-1) smith_waterman.Rd:69: Lost braces in \itemize; \value handles \item{}{} directly
checkRd: (-1) smith_waterman.Rd:70: Lost braces in \itemize; \value handles \item{}{} directly
checkRd: (-1) smith_waterman.Rd:71: Lost braces in \itemize; \value handles \item{}{} directly
checkRd: (-1) smith_waterman.Rd:72: Lost braces in \itemize; \value handles \item{}{} directly
checkRd: (-1) smith_waterman.Rd:74: Lost braces in \itemize; \value handles \item{}{} directly
checkRd: (-1) smith_waterman.Rd:75: Lost braces in \itemize; \value handles \item{}{} directly
checkRd: (-1) smith_waterman.Rd:76: Lost braces in \itemize; \value handles \item{}{} directly
checkRd: (-1) smith_waterman.Rd:77: Lost braces in \itemize; \value handles \item{}{} directly
checkRd: (-1) smith_waterman.Rd:78: Lost braces in \itemize; \value handles \item{}{} directly
checkRd: (-1) smith_waterman.Rd:79: Lost braces in \itemize; \value handles \item{}{} directly
checkRd: (-1) smith_waterman_misaligned.Rd:27: Lost braces in \itemize; meant \describe ?
checkRd: (-1) smith_waterman_misaligned.Rd:28: Lost braces in \itemize; meant \describe ?
checkRd: (-1) smith_waterman_misaligned.Rd:29: Lost braces in \itemize; meant \describe ?
checkRd: (-1) smith_waterman_misaligned.Rd:17: Lost braces in \itemize; \value handles \item{}{} directly
checkRd: (-1) smith_waterman_misaligned.Rd:18: Lost braces in \itemize; \value handles \item{}{} directly
checkRd: (-1) smith_waterman_misaligned.Rd:19: Lost braces in \itemize; \value handles \item{}{} directly
checkRd: (-1) smith_waterman_misaligned.Rd:20: Lost braces in \itemize; \value handles \item{}{} directly
checkRd: (-1) smith_waterman_misaligned.Rd:21: Lost braces in \itemize; \value handles \item{}{} directly
Flavors: r-devel-linux-x86_64-debian-clang, r-devel-linux-x86_64-debian-gcc, r-devel-windows-x86_64, r-patched-linux-x86_64, r-release-linux-x86_64, r-release-macos-arm64, r-release-windows-x86_64, r-oldrel-macos-arm64, r-oldrel-windows-x86_64