CRAN Package Check Results for Package testequavar

Last updated on 2025-07-13 10:48:35 CEST.

Flavor Version Tinstall Tcheck Ttotal Status Flags
r-devel-linux-x86_64-debian-clang 0.1.5 2.56 21.58 24.14 NOTE
r-devel-linux-x86_64-debian-gcc 0.1.5 1.90 16.83 18.73 NOTE
r-devel-linux-x86_64-fedora-clang 0.1.5 36.90 OK
r-devel-linux-x86_64-fedora-gcc 0.1.5 34.72 OK
r-devel-windows-x86_64 0.1.5 3.00 42.00 45.00 OK
r-patched-linux-x86_64 0.1.5 2.48 19.88 22.36 OK
r-release-linux-x86_64 0.1.5 2.40 20.34 22.74 OK
r-release-macos-arm64 0.1.5 18.00 OK
r-release-macos-x86_64 0.1.5 37.00 OK
r-release-windows-x86_64 0.1.5 3.00 44.00 47.00 OK
r-oldrel-macos-arm64 0.1.5 15.00 OK
r-oldrel-macos-x86_64 0.1.5 23.00 OK
r-oldrel-windows-x86_64 0.1.5 3.00 41.00 44.00 OK

Check Details

Version: 0.1.5
Check: CRAN incoming feasibility
Result: NOTE Maintainer: ‘Dexter Cahoy <dexter.cahoy@gmail.com>’ No Authors@R field in DESCRIPTION. Please add one, modifying Authors@R: person(given = "Dexter", family = "Cahoy", role = c("aut", "cre"), email = "dexter.cahoy@gmail.com") as necessary. Flavors: r-devel-linux-x86_64-debian-clang, r-devel-linux-x86_64-debian-gcc