Last updated on 2025-11-27 12:49:56 CET.
| Flavor | Version | Tinstall | Tcheck | Ttotal | Status | Flags |
|---|---|---|---|---|---|---|
| r-devel-linux-x86_64-debian-clang | 0.1.2 | 3.31 | 37.82 | 41.13 | OK | |
| r-devel-linux-x86_64-debian-gcc | 0.1.2 | 2.55 | 30.77 | 33.32 | OK | |
| r-devel-linux-x86_64-fedora-clang | 0.1.2 | 62.69 | OK | |||
| r-devel-linux-x86_64-fedora-gcc | 0.1.2 | 22.00 | 56.26 | 78.26 | OK | |
| r-devel-windows-x86_64 | 0.1.2 | 8.00 | 55.00 | 63.00 | OK | |
| r-patched-linux-x86_64 | 0.1.2 | 2.80 | 35.29 | 38.09 | OK | |
| r-release-linux-x86_64 | 0.1.2 | 3.12 | 35.47 | 38.59 | OK | |
| r-release-macos-arm64 | 0.1.2 | OK | ||||
| r-release-macos-x86_64 | 0.1.2 | 3.00 | 48.00 | 51.00 | OK | |
| r-release-windows-x86_64 | 0.1.2 | 6.00 | 61.00 | 67.00 | OK | |
| r-oldrel-macos-arm64 | 0.1.2 | NOTE | ||||
| r-oldrel-macos-x86_64 | 0.1.2 | 3.00 | 42.00 | 45.00 | NOTE | |
| r-oldrel-windows-x86_64 | 0.1.2 | 6.00 | 66.00 | 72.00 | NOTE |
Version: 0.1.2
Check: LazyData
Result: NOTE
'LazyData' is specified without a 'data' directory
Flavors: r-oldrel-macos-arm64, r-oldrel-macos-x86_64, r-oldrel-windows-x86_64