CRAN Package Check Results for Package sparseIndexTracking

Last updated on 2025-07-04 07:49:42 CEST.

Flavor Version Tinstall Tcheck Ttotal Status Flags
r-devel-linux-x86_64-debian-clang 0.1.1 2.31 36.81 39.12 NOTE
r-devel-linux-x86_64-debian-gcc 0.1.1 1.87 27.97 29.84 NOTE
r-devel-linux-x86_64-fedora-clang 0.1.1 61.61 OK
r-devel-linux-x86_64-fedora-gcc 0.1.1 70.69 OK
r-devel-windows-x86_64 0.1.1 4.00 62.00 66.00 OK
r-patched-linux-x86_64 0.1.1 2.29 34.42 36.71 OK
r-release-linux-x86_64 0.1.1 2.25 34.51 36.76 OK
r-release-macos-arm64 0.1.1 38.00 OK
r-release-macos-x86_64 0.1.1 51.00 OK
r-release-windows-x86_64 0.1.1 4.00 61.00 65.00 OK
r-oldrel-macos-arm64 0.1.1 29.00 OK
r-oldrel-macos-x86_64 0.1.1 42.00 OK
r-oldrel-windows-x86_64 0.1.1 5.00 71.00 76.00 OK

Check Details

Version: 0.1.1
Check: CRAN incoming feasibility
Result: NOTE Maintainer: ‘Daniel P. Palomar <daniel.p.palomar@gmail.com>’ Package CITATION file contains call(s) to old-style personList() or as.personList(). Please use c() on person objects instead. Package CITATION file contains call(s) to old-style citEntry(). Please use bibentry() instead. Flavors: r-devel-linux-x86_64-debian-clang, r-devel-linux-x86_64-debian-gcc