Last updated on 2025-11-27 18:48:59 CET.
| Flavor | Version | Tinstall | Tcheck | Ttotal | Status | Flags |
|---|---|---|---|---|---|---|
| r-devel-linux-x86_64-debian-clang | 0.1-3 | 2.15 | 25.50 | 27.65 | NOTE | |
| r-devel-linux-x86_64-debian-gcc | 0.1-3 | 1.56 | 20.29 | 21.85 | NOTE | |
| r-devel-linux-x86_64-fedora-clang | 0.1-3 | 42.47 | OK | |||
| r-devel-linux-x86_64-fedora-gcc | 0.1-3 | 39.16 | OK | |||
| r-devel-windows-x86_64 | 0.1-3 | 5.00 | 47.00 | 52.00 | OK | |
| r-patched-linux-x86_64 | 0.1-3 | 2.22 | 23.95 | 26.17 | OK | |
| r-release-linux-x86_64 | 0.1-3 | 2.16 | 24.05 | 26.21 | OK | |
| r-release-macos-arm64 | 0.1-3 | OK | ||||
| r-release-macos-x86_64 | 0.1-3 | 2.00 | 26.00 | 28.00 | OK | |
| r-release-windows-x86_64 | 0.1-3 | 5.00 | 66.00 | 71.00 | OK | |
| r-oldrel-macos-arm64 | 0.1-3 | OK | ||||
| r-oldrel-macos-x86_64 | 0.1-3 | 2.00 | 27.00 | 29.00 | OK | |
| r-oldrel-windows-x86_64 | 0.1-3 | 4.00 | 53.00 | 57.00 | OK |
Version: 0.1-3
Check: CRAN incoming feasibility
Result: NOTE
Maintainer: ‘Christian Hennig <christian.hennig@unibo.it>’
No Authors@R field in DESCRIPTION.
Please add one, modifying
Authors@R: person(given = "Christian",
family = "Hennig",
role = c("aut", "cre"),
email = "christian.hennig@unibo.it")
as necessary.
Flavors: r-devel-linux-x86_64-debian-clang, r-devel-linux-x86_64-debian-gcc