Last updated on 2025-07-19 14:48:39 CEST.
Flavor | Version | Tinstall | Tcheck | Ttotal | Status | Flags |
---|---|---|---|---|---|---|
r-devel-linux-x86_64-debian-clang | 1.6.0.3 | 67.93 | 97.84 | 165.77 | NOTE | |
r-devel-linux-x86_64-debian-gcc | 1.6.0.3 | 47.12 | 67.29 | 114.41 | NOTE | |
r-devel-linux-x86_64-fedora-clang | 1.6.0.3 | 289.60 | NOTE | |||
r-devel-linux-x86_64-fedora-gcc | 1.6.0.3 | 260.69 | NOTE | |||
r-devel-windows-x86_64 | 1.6.0.3 | 84.00 | 144.00 | 228.00 | NOTE | |
r-patched-linux-x86_64 | 1.6.0.3 | 66.23 | 89.89 | 156.12 | NOTE | |
r-release-linux-x86_64 | 1.6.0.3 | 66.58 | 90.16 | 156.74 | NOTE | |
r-release-macos-arm64 | 1.6.0.3 | 81.00 | NOTE | |||
r-release-macos-x86_64 | 1.6.0.3 | 103.00 | NOTE | |||
r-release-windows-x86_64 | 1.6.0.3 | 80.00 | 142.00 | 222.00 | NOTE | |
r-oldrel-macos-arm64 | 1.6.0.3 | 66.00 | NOTE | |||
r-oldrel-macos-x86_64 | 1.6.0.3 | 94.00 | NOTE | |||
r-oldrel-windows-x86_64 | 1.6.0.3 | 101.00 | 169.00 | 270.00 | NOTE |
Version: 1.6.0.3
Check: Rd files
Result: NOTE
checkRd: (-1) getGlobalOptimum.Rd:16: Lost braces in \itemize; \value handles \item{}{} directly
checkRd: (-1) getGlobalOptimum.Rd:17: Lost braces in \itemize; \value handles \item{}{} directly
checkRd: (-1) getGlobalOptimum.Rd:18: Lost braces in \itemize; \value handles \item{}{} directly
checkRd: (-1) getLocalOptimum.Rd:16: Lost braces in \itemize; \value handles \item{}{} directly
checkRd: (-1) getLocalOptimum.Rd:17: Lost braces in \itemize; \value handles \item{}{} directly
checkRd: (-1) getLocalOptimum.Rd:18: Lost braces in \itemize; \value handles \item{}{} directly
checkRd: (-1) smoof_function.Rd:10: Lost braces
10 | or code{smoof_multi_objective_function}. Both single- and multi-objective functions share the following attributes.
| ^
Flavors: r-devel-linux-x86_64-debian-clang, r-devel-linux-x86_64-debian-gcc, r-devel-linux-x86_64-fedora-clang, r-devel-linux-x86_64-fedora-gcc, r-devel-windows-x86_64, r-patched-linux-x86_64, r-release-linux-x86_64, r-release-macos-arm64, r-release-macos-x86_64, r-release-windows-x86_64, r-oldrel-macos-arm64, r-oldrel-macos-x86_64, r-oldrel-windows-x86_64