Last updated on 2025-07-16 23:49:29 CEST.
Flavor | Version | Tinstall | Tcheck | Ttotal | Status | Flags |
---|---|---|---|---|---|---|
r-devel-linux-x86_64-debian-clang | 1.0.0 | 2.46 | 324.25 | 326.71 | NOTE | |
r-devel-linux-x86_64-debian-gcc | 1.0.0 | 1.87 | 169.14 | 171.01 | NOTE | |
r-devel-linux-x86_64-fedora-clang | 1.0.0 | 535.64 | NOTE | |||
r-devel-linux-x86_64-fedora-gcc | 1.0.0 | 518.91 | NOTE | |||
r-devel-windows-x86_64 | 1.0.0 | 3.00 | 254.00 | 257.00 | NOTE | |
r-patched-linux-x86_64 | 1.0.0 | 2.65 | 295.74 | 298.39 | NOTE | |
r-release-linux-x86_64 | 1.0.0 | 2.40 | 295.26 | 297.66 | NOTE | |
r-release-macos-arm64 | 1.0.0 | 131.00 | NOTE | |||
r-release-macos-x86_64 | 1.0.0 | 352.00 | NOTE | |||
r-release-windows-x86_64 | 1.0.0 | 3.00 | 255.00 | 258.00 | NOTE | |
r-oldrel-macos-arm64 | 1.0.0 | 117.00 | NOTE | |||
r-oldrel-macos-x86_64 | 1.0.0 | 314.00 | NOTE | |||
r-oldrel-windows-x86_64 | 1.0.0 | 3.00 | 380.00 | 383.00 | NOTE |
Version: 1.0.0
Check: package subdirectories
Result: NOTE
Problems with news in ‘NEWS.md’:
Cannot extract version info from the following section titles:
Version (Date)
Flavors: r-devel-linux-x86_64-debian-clang, r-devel-linux-x86_64-debian-gcc, r-devel-linux-x86_64-fedora-clang, r-devel-linux-x86_64-fedora-gcc, r-devel-windows-x86_64, r-patched-linux-x86_64, r-release-linux-x86_64, r-release-macos-arm64, r-release-macos-x86_64, r-release-windows-x86_64, r-oldrel-macos-arm64, r-oldrel-macos-x86_64, r-oldrel-windows-x86_64