Last updated on 2025-11-27 18:48:59 CET.
| Flavor | Version | Tinstall | Tcheck | Ttotal | Status | Flags |
|---|---|---|---|---|---|---|
| r-devel-linux-x86_64-debian-clang | 1.0.1 | 53.10 | 61.76 | 114.86 | NOTE | |
| r-devel-linux-x86_64-debian-gcc | 1.0.1 | 44.20 | 42.99 | 87.19 | NOTE | |
| r-devel-linux-x86_64-fedora-clang | 1.0.1 | 195.00 | 5.77 | 200.77 | WARN | |
| r-devel-linux-x86_64-fedora-gcc | 1.0.1 | 209.00 | 7.61 | 216.61 | NOTE | |
| r-devel-windows-x86_64 | 1.0.1 | 66.00 | 96.00 | 162.00 | NOTE | |
| r-patched-linux-x86_64 | 1.0.1 | 57.32 | 58.80 | 116.12 | NOTE | |
| r-release-linux-x86_64 | 1.0.1 | 58.06 | 59.30 | 117.36 | NOTE | |
| r-release-macos-arm64 | 1.0.1 | NOTE | ||||
| r-release-macos-x86_64 | 1.0.1 | 45.00 | 59.00 | 104.00 | NOTE | |
| r-release-windows-x86_64 | 1.0.1 | 57.00 | 106.00 | 163.00 | NOTE | |
| r-oldrel-macos-arm64 | 1.0.1 | NOTE | ||||
| r-oldrel-macos-x86_64 | 1.0.1 | 38.00 | 49.00 | 87.00 | NOTE | |
| r-oldrel-windows-x86_64 | 1.0.1 | 59.00 | 123.00 | 182.00 | NOTE |
Version: 1.0.1
Check: C++ specification
Result: NOTE
Specified C++11: please drop specification unless essential
Flavors: r-devel-linux-x86_64-debian-clang, r-devel-linux-x86_64-debian-gcc, r-devel-windows-x86_64, r-patched-linux-x86_64, r-release-linux-x86_64, r-release-macos-arm64, r-release-macos-x86_64, r-release-windows-x86_64, r-oldrel-macos-arm64, r-oldrel-macos-x86_64, r-oldrel-windows-x86_64
Version: 1.0.1
Check: Rd files
Result: NOTE
checkRd: (-1) simplex_tree.Rd:24: height/width attributes should be in pixels
Flavors: r-devel-linux-x86_64-debian-clang, r-devel-linux-x86_64-debian-gcc, r-devel-linux-x86_64-fedora-clang, r-devel-linux-x86_64-fedora-gcc, r-devel-windows-x86_64
Version: 1.0.1
Check: whether package can be installed
Result: WARN
Found the following significant warnings:
./../inst/include/utility/delegate.hpp:113:57: warning: 'unique' is deprecated [-Wdeprecated-declarations]
../inst/include/utility/delegate.hpp:113:57: warning: 'unique' is deprecated [-Wdeprecated-declarations]
See ‘/data/gannet/ripley/R/packages/tests-clang/simplextree.Rcheck/00install.out’ for details.
* used C++ compiler: ‘clang version 21.1.6’
Flavor: r-devel-linux-x86_64-fedora-clang
Version: 1.0.1
Check: C++ specification
Result: NOTE
Specified C++11: support will be removed soon
Flavors: r-devel-linux-x86_64-fedora-clang, r-devel-linux-x86_64-fedora-gcc
Version: 1.0.1
Check: installed package size
Result: NOTE
installed size is 9.9Mb
sub-directories of 1Mb or more:
libs 9.2Mb
Flavors: r-oldrel-macos-arm64, r-oldrel-macos-x86_64
Version: 1.0.1
Check: LazyData
Result: NOTE
'LazyData' is specified without a 'data' directory
Flavors: r-oldrel-macos-arm64, r-oldrel-macos-x86_64, r-oldrel-windows-x86_64