Last updated on 2025-11-27 18:48:58 CET.
| Flavor | Version | Tinstall | Tcheck | Ttotal | Status | Flags |
|---|---|---|---|---|---|---|
| r-devel-linux-x86_64-debian-clang | 1.1.1 | 5.27 | 54.41 | 59.68 | OK | |
| r-devel-linux-x86_64-debian-gcc | 1.1.1 | 3.04 | 1.29 | 4.33 | FAIL | |
| r-devel-linux-x86_64-fedora-clang | 1.1.1 | 31.00 | 57.42 | 88.42 | OK | |
| r-devel-linux-x86_64-fedora-gcc | 1.1.1 | 17.00 | 68.30 | 85.30 | OK | |
| r-patched-linux-x86_64 | 1.1.1 | 5.02 | 48.85 | 53.87 | OK | |
| r-release-linux-x86_64 | 1.1.1 | 5.00 | 49.22 | 54.22 | OK | |
| r-release-macos-arm64 | 1.1.0 | 8.00 | 152.00 | 160.00 | OK | |
| r-release-macos-x86_64 | 1.1.1 | 12.00 | 206.00 | 218.00 | OK | |
| r-oldrel-macos-arm64 | 1.1.1 | 7.00 | 154.00 | 161.00 | OK | |
| r-oldrel-macos-x86_64 | 1.1.1 | 13.00 | 224.00 | 237.00 | OK | |
| r-oldrel-windows-x86_64 | 1.1.1 | 11.00 | 130.00 | 141.00 | OK |
Version: 1.1.1
Check: package dependencies
Result: FAIL
Flavor: r-devel-linux-x86_64-debian-gcc