Last updated on 2025-11-27 12:49:53 CET.
| Flavor | Version | Tinstall | Tcheck | Ttotal | Status | Flags |
|---|---|---|---|---|---|---|
| r-devel-linux-x86_64-debian-clang | 0.9.22 | 19.68 | 801.46 | 821.14 | OK | |
| r-devel-linux-x86_64-debian-gcc | 0.9.22 | 12.36 | 423.92 | 436.28 | OK | |
| r-devel-linux-x86_64-fedora-clang | 0.9.23 | 61.00 | 1980.64 | 2041.64 | OK | |
| r-devel-linux-x86_64-fedora-gcc | 0.9.23 | 52.00 | 1906.29 | 1958.29 | OK | |
| r-devel-windows-x86_64 | 0.9.22 | 26.00 | 429.00 | 455.00 | OK | |
| r-patched-linux-x86_64 | 0.9.22 | 16.55 | 567.96 | 584.51 | OK | |
| r-release-linux-x86_64 | 0.9.22 | 19.30 | 552.36 | 571.66 | OK | |
| r-release-macos-arm64 | 0.9.23 | 6.00 | 219.00 | 225.00 | OK | |
| r-release-macos-x86_64 | 0.9.23 | 34.00 | 1000.00 | 1034.00 | OK | |
| r-release-windows-x86_64 | 0.9.22 | 21.00 | 469.00 | 490.00 | OK | |
| r-oldrel-macos-arm64 | 0.9.23 | 6.00 | 203.00 | 209.00 | OK | |
| r-oldrel-macos-x86_64 | 0.9.23 | 41.00 | 969.00 | 1010.00 | NOTE | |
| r-oldrel-windows-x86_64 | 0.9.22 | 1.00 | 9.00 | 10.00 | ERROR |
Version: 0.9.23
Check: package dependencies
Result: NOTE
Package suggested but not available for checking: ‘ctsemOMX’
Flavor: r-oldrel-macos-x86_64
Version: 0.9.22
Check: package dependencies
Result: ERROR
Package required but not available: 'OpenMx'
Package suggested but not available for checking: 'ctsemOMX'
See section 'The DESCRIPTION file' in the 'Writing R Extensions'
manual.
Flavor: r-oldrel-windows-x86_64