Last updated on 2025-07-12 22:49:23 CEST.
Flavor | Version | Tinstall | Tcheck | Ttotal | Status | Flags |
---|---|---|---|---|---|---|
r-devel-linux-x86_64-debian-clang | 1.1.6 | 23.02 | 170.20 | 193.22 | NOTE | |
r-devel-linux-x86_64-debian-gcc | 1.1.6 | 16.44 | 116.27 | 132.71 | NOTE | |
r-devel-linux-x86_64-fedora-clang | 1.1.6 | 291.01 | OK | |||
r-devel-linux-x86_64-fedora-gcc | 1.1.6 | 275.45 | OK | |||
r-devel-windows-x86_64 | 1.1.6 | 24.00 | 161.00 | 185.00 | NOTE | |
r-patched-linux-x86_64 | 1.1.6 | 23.58 | 159.62 | 183.20 | NOTE | |
r-release-linux-x86_64 | 1.1.6 | 22.08 | 154.43 | 176.51 | NOTE | |
r-release-macos-arm64 | 1.1.6 | 81.00 | OK | |||
r-release-macos-x86_64 | 1.1.6 | 227.00 | OK | |||
r-release-windows-x86_64 | 1.1.6 | 26.00 | 163.00 | 189.00 | NOTE | |
r-oldrel-macos-arm64 | 1.1.6 | 82.00 | OK | |||
r-oldrel-macos-x86_64 | 1.1.6 | 126.00 | OK | |||
r-oldrel-windows-x86_64 | 1.1.6 | 33.00 | 204.00 | 237.00 | OK |
Version: 1.1.6
Check: Rd cross-references
Result: NOTE
Found the following Rd file(s) with Rd \link{} targets missing package
anchors:
semPaths.Rd: qgraph.layout.fruchtermanreingold
Please provide package anchors for all Rd \link{} targets not in the
package itself and the base packages.
Flavors: r-devel-linux-x86_64-debian-clang, r-devel-linux-x86_64-debian-gcc, r-devel-windows-x86_64, r-patched-linux-x86_64, r-release-linux-x86_64, r-release-windows-x86_64