CRAN Package Check Results for Package selectapref

Last updated on 2025-07-13 04:49:01 CEST.

Flavor Version Tinstall Tcheck Ttotal Status Flags
r-devel-linux-x86_64-debian-clang 0.1.2 1.66 16.59 18.25 OK
r-devel-linux-x86_64-debian-gcc 0.1.2 1.32 14.11 15.43 OK
r-devel-linux-x86_64-fedora-clang 0.1.2 27.75 OK
r-devel-linux-x86_64-fedora-gcc 0.1.2 26.13 OK
r-devel-windows-x86_64 0.1.2 2.00 34.00 36.00 OK
r-patched-linux-x86_64 0.1.2 1.63 15.71 17.34 OK
r-release-linux-x86_64 0.1.2 1.67 15.80 17.47 OK
r-release-macos-arm64 0.1.2 16.00 OK
r-release-macos-x86_64 0.1.2 20.00 OK
r-release-windows-x86_64 0.1.2 3.00 35.00 38.00 OK
r-oldrel-macos-arm64 0.1.2 12.00 NOTE
r-oldrel-macos-x86_64 0.1.2 18.00 NOTE
r-oldrel-windows-x86_64 0.1.2 2.00 33.00 35.00 NOTE

Check Details

Version: 0.1.2
Check: LazyData
Result: NOTE 'LazyData' is specified without a 'data' directory Flavors: r-oldrel-macos-arm64, r-oldrel-macos-x86_64, r-oldrel-windows-x86_64