CRAN Package Check Results for Package sciRmdTheme

Last updated on 2025-07-15 11:49:39 CEST.

Flavor Version Tinstall Tcheck Ttotal Status Flags
r-devel-linux-x86_64-debian-clang 0.1 1.66 20.97 22.63 NOTE
r-devel-linux-x86_64-debian-gcc 0.1 1.38 17.43 18.81 NOTE
r-devel-linux-x86_64-fedora-clang 0.1 37.62 OK
r-devel-linux-x86_64-fedora-gcc 0.1 48.06 OK
r-devel-windows-x86_64 0.1 2.00 42.00 44.00 OK
r-patched-linux-x86_64 0.1 1.68 20.06 21.74 OK
r-release-linux-x86_64 0.1 1.60 19.78 21.38 OK
r-release-macos-arm64 0.1 47.00 OK
r-release-macos-x86_64 0.1 38.00 OK
r-release-windows-x86_64 0.1 3.00 48.00 51.00 OK
r-oldrel-macos-arm64 0.1 22.00 OK
r-oldrel-macos-x86_64 0.1 33.00 OK
r-oldrel-windows-x86_64 0.1 3.00 46.00 49.00 OK

Check Details

Version: 0.1
Check: CRAN incoming feasibility
Result: NOTE Maintainer: ‘Obinna Obianom <idonshayo@gmail.com>’ No Authors@R field in DESCRIPTION. Please add one, modifying Authors@R: person(given = "Obinna", family = "Obianom", role = c("aut", "cre"), email = "idonshayo@gmail.com") as necessary. The BugReports field in DESCRIPTION has https://github.com/oobianom/sciRmdTheme which should likely be https://github.com/oobianom/sciRmdTheme/issues instead. Flavors: r-devel-linux-x86_64-debian-clang, r-devel-linux-x86_64-debian-gcc