Last updated on 2025-11-27 12:49:53 CET.
| Flavor | Version | Tinstall | Tcheck | Ttotal | Status | Flags |
|---|---|---|---|---|---|---|
| r-devel-linux-x86_64-debian-clang | 0.1.21 | 0.34 | 3.52 | 3.86 | ERROR | |
| r-devel-linux-x86_64-debian-gcc | 0.1.21 | 0.27 | 2.85 | 3.12 | ERROR | |
| r-devel-linux-x86_64-fedora-clang | 0.1.21 | 137.00 | 636.68 | 773.68 | OK | |
| r-devel-linux-x86_64-fedora-gcc | 0.1.21 | 297.00 | 498.48 | 795.48 | OK | |
| r-devel-windows-x86_64 | 0.1.21 | 72.00 | 390.00 | 462.00 | OK | |
| r-patched-linux-x86_64 | 0.1.21 | 0.34 | 2.11 | 2.45 | ERROR | |
| r-release-linux-x86_64 | 0.1.21 | 53.53 | 409.73 | 463.26 | OK | |
| r-release-macos-arm64 | 0.1.21 | OK | ||||
| r-release-macos-x86_64 | 0.1.21 | 55.00 | 396.00 | 451.00 | OK | |
| r-release-windows-x86_64 | 0.1.21 | 60.00 | 556.00 | 616.00 | OK | |
| r-oldrel-macos-arm64 | 0.1.21 | OK | ||||
| r-oldrel-macos-x86_64 | 0.1.21 | 47.00 | 386.00 | 433.00 | OK | |
| r-oldrel-windows-x86_64 | 0.1.21 | 88.00 | 535.00 | 623.00 | OK |
Version: 0.1.21
Check: package dependencies
Result: ERROR
Packages required but not available: 'leafem', 'tmap'
See section ‘The DESCRIPTION file’ in the ‘Writing R Extensions’
manual.
Flavors: r-devel-linux-x86_64-debian-clang, r-devel-linux-x86_64-debian-gcc, r-patched-linux-x86_64