CRAN Package Check Results for Package rodeo

Last updated on 2025-07-20 01:49:39 CEST.

Flavor Version Tinstall Tcheck Ttotal Status Flags
r-devel-linux-x86_64-debian-clang 0.8.2 5.52 105.17 110.69 NOTE
r-devel-linux-x86_64-debian-gcc 0.8.2 4.09 67.26 71.35 NOTE
r-devel-linux-x86_64-fedora-clang 0.8.2 169.89 OK
r-devel-linux-x86_64-fedora-gcc 0.8.2 176.16 OK
r-devel-windows-x86_64 0.8.2 7.00 201.00 208.00 OK
r-patched-linux-x86_64 0.8.2 5.89 88.64 94.53 OK
r-release-linux-x86_64 0.8.2 4.95 88.67 93.62 OK
r-release-macos-arm64 0.8.2 66.00 OK
r-release-macos-x86_64 0.8.2 125.00 OK
r-release-windows-x86_64 0.8.2 7.00 199.00 206.00 OK
r-oldrel-macos-arm64 0.8.2 73.00 OK
r-oldrel-macos-x86_64 0.8.2 146.00 OK
r-oldrel-windows-x86_64 0.8.2 9.00 207.00 216.00 OK

Check Details

Version: 0.8.2
Check: CRAN incoming feasibility
Result: NOTE Maintainer: ‘David Kneis <david.kneis@tu-dresden.de>’ No Authors@R field in DESCRIPTION. Please add one, modifying Authors@R: person(given = "David", family = "Kneis", role = c("aut", "cre"), email = "david.kneis@tu-dresden.de") as necessary. Flavors: r-devel-linux-x86_64-debian-clang, r-devel-linux-x86_64-debian-gcc