Last updated on 2025-07-15 23:51:31 CEST.
Flavor | Version | Tinstall | Tcheck | Ttotal | Status | Flags |
---|---|---|---|---|---|---|
r-devel-linux-x86_64-debian-clang | 1.2.1 | 3.32 | 33.22 | 36.54 | NOTE | |
r-devel-linux-x86_64-debian-gcc | 1.2.1 | 2.71 | 26.45 | 29.16 | NOTE | |
r-devel-linux-x86_64-fedora-clang | 1.2.1 | 55.74 | NOTE | |||
r-devel-linux-x86_64-fedora-gcc | 1.2.1 | 51.53 | NOTE | |||
r-devel-windows-x86_64 | 1.2.1 | 5.00 | 55.00 | 60.00 | NOTE | |
r-patched-linux-x86_64 | 1.2.1 | 3.63 | 31.20 | 34.83 | NOTE | |
r-release-linux-x86_64 | 1.2.1 | 3.37 | 31.31 | 34.68 | NOTE | |
r-release-macos-arm64 | 1.2.1 | 24.00 | NOTE | |||
r-release-macos-x86_64 | 1.2.1 | 46.00 | NOTE | |||
r-release-windows-x86_64 | 1.2.1 | 5.00 | 60.00 | 65.00 | NOTE | |
r-oldrel-macos-arm64 | 1.2.1 | 21.00 | NOTE | |||
r-oldrel-macos-x86_64 | 1.2.1 | 29.00 | NOTE | |||
r-oldrel-windows-x86_64 | 1.2.1 | 6.00 | 57.00 | 63.00 | NOTE |
Version: 1.2.1
Check: package subdirectories
Result: NOTE
Problems with news in ‘NEWS.md’:
No news entries found.
Flavors: r-devel-linux-x86_64-debian-clang, r-devel-linux-x86_64-debian-gcc, r-devel-linux-x86_64-fedora-clang, r-devel-linux-x86_64-fedora-gcc, r-devel-windows-x86_64, r-patched-linux-x86_64, r-release-linux-x86_64, r-release-macos-arm64, r-release-macos-x86_64, r-release-windows-x86_64, r-oldrel-macos-arm64, r-oldrel-macos-x86_64, r-oldrel-windows-x86_64