Last updated on 2025-07-16 11:50:48 CEST.
Flavor | Version | Tinstall | Tcheck | Ttotal | Status | Flags |
---|---|---|---|---|---|---|
r-devel-linux-x86_64-debian-clang | 0.0.3 | 4.19 | 37.11 | 41.30 | OK | |
r-devel-linux-x86_64-debian-gcc | 0.0.3 | 3.21 | 27.46 | 30.67 | OK | |
r-devel-linux-x86_64-fedora-clang | 0.0.3 | 64.09 | OK | |||
r-devel-linux-x86_64-fedora-gcc | 0.0.3 | 59.12 | OK | |||
r-devel-windows-x86_64 | 0.0.3 | 7.00 | 61.00 | 68.00 | OK | |
r-patched-linux-x86_64 | 0.0.3 | 4.38 | 34.66 | 39.04 | OK | |
r-release-linux-x86_64 | 0.0.3 | 4.51 | 34.79 | 39.30 | OK | |
r-release-macos-arm64 | 0.0.3 | 25.00 | OK | |||
r-release-macos-x86_64 | 0.0.3 | 42.00 | OK | |||
r-release-windows-x86_64 | 0.0.3 | 6.00 | 66.00 | 72.00 | OK | |
r-oldrel-macos-arm64 | 0.0.3 | 23.00 | NOTE | |||
r-oldrel-macos-x86_64 | 0.0.3 | 32.00 | NOTE | |||
r-oldrel-windows-x86_64 | 0.0.3 | 7.00 | 65.00 | 72.00 | NOTE |
Version: 0.0.3
Check: LazyData
Result: NOTE
'LazyData' is specified without a 'data' directory
Flavors: r-oldrel-macos-arm64, r-oldrel-macos-x86_64, r-oldrel-windows-x86_64