CRAN Package Check Results for Package rebus.datetimes

Last updated on 2025-07-15 17:50:18 CEST.

Flavor Version Tinstall Tcheck Ttotal Status Flags
r-devel-linux-x86_64-debian-clang 0.0-2 1.76 21.61 23.37 NOTE
r-devel-linux-x86_64-debian-gcc 0.0-2 1.46 17.51 18.97 NOTE
r-devel-linux-x86_64-fedora-clang 0.0-2 39.17 OK
r-devel-linux-x86_64-fedora-gcc 0.0-2 37.25 OK
r-devel-windows-x86_64 0.0-2 3.00 50.00 53.00 NOTE
r-patched-linux-x86_64 0.0-2 1.86 20.25 22.11 NOTE
r-release-linux-x86_64 0.0-2 1.82 20.35 22.17 NOTE
r-release-macos-arm64 0.0-2 20.00 OK
r-release-macos-x86_64 0.0-2 29.00 OK
r-release-windows-x86_64 0.0-2 3.00 56.00 59.00 NOTE
r-oldrel-macos-arm64 0.0-2 17.00 OK
r-oldrel-macos-x86_64 0.0-2 24.00 OK
r-oldrel-windows-x86_64 0.0-2 4.00 49.00 53.00 OK

Check Details

Version: 0.0-2
Check: Rd cross-references
Result: NOTE Found the following Rd file(s) with Rd \link{} targets missing package anchors: DateTime.Rd: ClassGroups Please provide package anchors for all Rd \link{} targets not in the package itself and the base packages. Flavors: r-devel-linux-x86_64-debian-clang, r-devel-linux-x86_64-debian-gcc, r-devel-windows-x86_64, r-patched-linux-x86_64, r-release-linux-x86_64, r-release-windows-x86_64