Last updated on 2025-07-16 05:49:32 CEST.
Flavor | Version | Tinstall | Tcheck | Ttotal | Status | Flags |
---|---|---|---|---|---|---|
r-devel-linux-x86_64-debian-clang | 2.3.0 | 4.88 | 57.36 | 62.24 | OK | |
r-devel-linux-x86_64-debian-gcc | 2.3.0 | 3.66 | 40.82 | 44.48 | OK | |
r-devel-linux-x86_64-fedora-clang | 2.3.0 | 90.02 | OK | |||
r-devel-linux-x86_64-fedora-gcc | 2.3.0 | 105.35 | OK | |||
r-devel-windows-x86_64 | 2.3.0 | 11.00 | 88.00 | 99.00 | OK | |
r-patched-linux-x86_64 | 2.2.4 | 5.01 | 49.69 | 54.70 | OK | |
r-release-linux-x86_64 | 2.2.4 | 4.93 | 49.69 | 54.62 | OK | |
r-release-macos-arm64 | 2.2.4 | 60.00 | OK | |||
r-release-macos-x86_64 | 2.3.0 | 81.00 | OK | |||
r-release-windows-x86_64 | 2.3.0 | 9.00 | 98.00 | 107.00 | OK | |
r-oldrel-macos-arm64 | 2.2.4 | 72.00 | NOTE | |||
r-oldrel-macos-x86_64 | 2.3.0 | 95.00 | OK | |||
r-oldrel-windows-x86_64 | 2.3.0 | 10.00 | 93.00 | 103.00 | OK |
Version: 2.2.4
Check: LazyData
Result: NOTE
'LazyData' is specified without a 'data' directory
Flavor: r-oldrel-macos-arm64