CRAN Package Check Results for Package ra4bayesmeta

Last updated on 2025-07-17 19:51:47 CEST.

Flavor Version Tinstall Tcheck Ttotal Status Flags
r-devel-linux-x86_64-debian-clang 1.0-8 8.53 74.23 82.76 NOTE
r-devel-linux-x86_64-debian-gcc 1.0-8 6.03 52.69 58.72 NOTE
r-devel-linux-x86_64-fedora-clang 1.0-8 125.83 NOTE
r-devel-linux-x86_64-fedora-gcc 1.0-8 119.14 NOTE
r-devel-windows-x86_64 1.0-8 10.00 89.00 99.00 NOTE
r-patched-linux-x86_64 1.0-8 8.90 68.38 77.28 NOTE
r-release-linux-x86_64 1.0-8 7.44 69.01 76.45 NOTE
r-release-macos-arm64 1.0-8 40.00 NOTE
r-release-macos-x86_64 1.0-8 67.00 NOTE
r-release-windows-x86_64 1.0-8 10.00 89.00 99.00 NOTE
r-oldrel-macos-arm64 1.0-8 35.00 NOTE
r-oldrel-macos-x86_64 1.0-8 52.00 NOTE
r-oldrel-windows-x86_64 1.0-8 12.00 111.00 123.00 NOTE

Check Details

Version: 1.0-8
Check: Rd files
Result: NOTE checkRd: (-1) post_RA_fits.Rd:61: Lost braces; missing escapes or markup? 61 | \item{\code{H(po_{bm_{n.bm}}, po_act)}:}{ last benchmark prior bm_{n.bm} inducing the fit \code{fits.bm[[n.bm]]} and actual prior} | ^ Flavors: r-devel-linux-x86_64-debian-clang, r-devel-linux-x86_64-debian-gcc, r-devel-linux-x86_64-fedora-clang, r-devel-linux-x86_64-fedora-gcc, r-devel-windows-x86_64, r-patched-linux-x86_64, r-release-linux-x86_64, r-release-macos-arm64, r-release-macos-x86_64, r-release-windows-x86_64, r-oldrel-macos-arm64, r-oldrel-macos-x86_64, r-oldrel-windows-x86_64