Last updated on 2025-07-16 17:49:33 CEST.
Flavor | Version | Tinstall | Tcheck | Ttotal | Status | Flags |
---|---|---|---|---|---|---|
r-devel-linux-x86_64-debian-clang | 1.19 | 12.59 | 59.91 | 72.50 | NOTE | |
r-devel-linux-x86_64-debian-gcc | 1.19 | 10.01 | 41.47 | 51.48 | NOTE | |
r-devel-linux-x86_64-fedora-clang | 1.19 | 118.59 | NOTE | |||
r-devel-linux-x86_64-fedora-gcc | 1.19 | 109.87 | NOTE | |||
r-devel-windows-x86_64 | 1.19 | 14.00 | 88.00 | 102.00 | NOTE | |
r-patched-linux-x86_64 | 1.19 | 16.16 | 56.15 | 72.31 | NOTE | |
r-release-linux-x86_64 | 1.19 | 12.90 | 55.40 | 68.30 | NOTE | |
r-release-macos-arm64 | 1.19 | 35.00 | NOTE | |||
r-release-macos-x86_64 | 1.19 | 78.00 | NOTE | |||
r-release-windows-x86_64 | 1.19 | 14.00 | 98.00 | 112.00 | NOTE | |
r-oldrel-macos-arm64 | 1.19 | 36.00 | NOTE | |||
r-oldrel-macos-x86_64 | 1.19 | 62.00 | NOTE | |||
r-oldrel-windows-x86_64 | 1.19 | 19.00 | 98.00 | 117.00 | NOTE |
Version: 1.19
Check: package subdirectories
Result: NOTE
Problems with news in ‘NEWS.md’:
No news entries found.
Flavors: r-devel-linux-x86_64-debian-clang, r-devel-linux-x86_64-debian-gcc, r-devel-linux-x86_64-fedora-clang, r-devel-linux-x86_64-fedora-gcc, r-devel-windows-x86_64, r-patched-linux-x86_64, r-release-linux-x86_64, r-release-macos-arm64, r-release-macos-x86_64, r-release-windows-x86_64, r-oldrel-macos-arm64, r-oldrel-macos-x86_64, r-oldrel-windows-x86_64