CRAN Package Check Results for Package pzfx

Last updated on 2025-11-27 18:48:53 CET.

Flavor Version Tinstall Tcheck Ttotal Status Flags
r-devel-linux-x86_64-debian-clang 0.3.0 1.98 26.78 28.76 OK
r-devel-linux-x86_64-debian-gcc 0.3.0 1.48 21.01 22.49 OK
r-devel-linux-x86_64-fedora-clang 0.3.0 45.47 OK
r-devel-linux-x86_64-fedora-gcc 0.3.0 54.54 OK
r-devel-windows-x86_64 0.3.0 8.00 45.00 53.00 OK
r-patched-linux-x86_64 0.3.0 2.05 25.03 27.08 OK
r-release-linux-x86_64 0.3.0 1.97 24.75 26.72 OK
r-release-macos-arm64 0.3.0 OK
r-release-macos-x86_64 0.3.0 2.00 40.00 42.00 OK
r-release-windows-x86_64 0.3.0 4.00 46.00 50.00 OK
r-oldrel-macos-arm64 0.3.0 NOTE
r-oldrel-macos-x86_64 0.3.0 2.00 31.00 33.00 NOTE
r-oldrel-windows-x86_64 0.3.0 4.00 53.00 57.00 NOTE

Check Details

Version: 0.3.0
Check: LazyData
Result: NOTE 'LazyData' is specified without a 'data' directory Flavors: r-oldrel-macos-arm64, r-oldrel-macos-x86_64, r-oldrel-windows-x86_64