Last updated on 2025-07-17 05:49:57 CEST.
Flavor | Version | Tinstall | Tcheck | Ttotal | Status | Flags |
---|---|---|---|---|---|---|
r-devel-linux-x86_64-debian-clang | 0.4-2 | 37.38 | 77.62 | 115.00 | OK | |
r-devel-linux-x86_64-debian-gcc | 0.4-2 | 25.71 | 56.45 | 82.16 | OK | |
r-devel-linux-x86_64-fedora-clang | 0.4-2 | 189.08 | OK | |||
r-devel-linux-x86_64-fedora-gcc | 0.4-2 | 176.89 | OK | |||
r-devel-windows-x86_64 | 0.4-2 | 45.00 | 110.00 | 155.00 | OK | |
r-patched-linux-x86_64 | 0.4-2 | 38.51 | 72.35 | 110.86 | OK | |
r-release-linux-x86_64 | 0.4-2 | 37.70 | 72.68 | 110.38 | OK | |
r-release-macos-arm64 | 0.4-2 | 52.00 | OK | |||
r-release-macos-x86_64 | 0.4-2 | 122.00 | OK | |||
r-release-windows-x86_64 | 0.4-2 | 45.00 | 107.00 | 152.00 | OK | |
r-oldrel-macos-arm64 | 0.4-2 | 52.00 | OK | |||
r-oldrel-macos-x86_64 | 0.4-2 | 88.00 | WARN | |||
r-oldrel-windows-x86_64 | 0.4-2 | 52.00 | 136.00 | 188.00 | OK |
Version: 0.4-2
Check: Rd files
Result: WARN
cv.polywog.Rd: Sections \title, and \name must exist and be unique in Rd files
margEff.polywog.Rd: Sections \title, and \name must exist and be unique in Rd files
model.frame.polywog.Rd: Sections \title, and \name must exist and be unique in Rd files
model.matrix.polywog.Rd: Sections \title, and \name must exist and be unique in Rd files
plot.margEff.polywog.Rd: Sections \title, and \name must exist and be unique in Rd files
plot.polywog.Rd: Sections \title, and \name must exist and be unique in Rd files
polywog-package.Rd: Sections \title, and \name must exist and be unique in Rd files
Error writing to connection: No space left on device
Error writing to connection: No space left on device
predict.polywog.Rd: Sections \title, and \name must exist and be unique in Rd files
summary.margEff.polywog.Rd: Sections \title, and \name must exist and be unique in Rd files
summary.polywog.Rd: Sections \title, and \name must exist and be unique in Rd files
problems found in ‘cv.polywog.Rd’, ‘margEff.polywog.Rd’, ‘model.frame.polywog.Rd’, ‘model.matrix.polywog.Rd’, ‘plot.margEff.polywog.Rd’, ‘plot.polywog.Rd’, ‘polywog-package.Rd’, ‘polywog.Rd’, ‘predVals.Rd’, ‘predict.polywog.Rd’, ‘summary.margEff.polywog.Rd’, ‘summary.polywog.Rd’
Flavor: r-oldrel-macos-x86_64