CRAN Package Check Results for Package polmineR

Last updated on 2025-07-19 14:48:34 CEST.

Flavor Version Tinstall Tcheck Ttotal Status Flags
r-devel-linux-x86_64-debian-clang 0.8.9 23.76 261.47 285.23 NOTE
r-devel-linux-x86_64-debian-gcc 0.8.9 17.02 172.59 189.61 NOTE
r-devel-linux-x86_64-fedora-clang 0.8.9 463.54 NOTE
r-devel-linux-x86_64-fedora-gcc 0.8.9 445.53 NOTE
r-devel-windows-x86_64 0.8.9 25.00 248.00 273.00 NOTE
r-patched-linux-x86_64 0.8.9 25.54 225.70 251.24 NOTE
r-release-linux-x86_64 0.8.9 21.01 228.35 249.36 NOTE
r-release-macos-arm64 0.8.9 110.00 NOTE
r-release-macos-x86_64 0.8.9 214.00 NOTE
r-release-windows-x86_64 0.8.9 25.00 246.00 271.00 NOTE
r-oldrel-macos-arm64 0.8.9 98.00 NOTE
r-oldrel-macos-x86_64 0.8.9 171.00 NOTE
r-oldrel-windows-x86_64 0.8.9 32.00 325.00 357.00 OK

Check Details

Version: 0.8.9
Check: DESCRIPTION meta-information
Result: NOTE Missing dependency on R >= 4.1.0 because package code uses the pipe |> or function shorthand \(...) syntax added in R 4.1.0. File(s) using such syntax: ‘hits.R’ ‘size.R’ ‘utils.R’ Flavors: r-devel-linux-x86_64-debian-clang, r-devel-linux-x86_64-debian-gcc, r-devel-linux-x86_64-fedora-clang, r-devel-linux-x86_64-fedora-gcc, r-devel-windows-x86_64, r-patched-linux-x86_64, r-release-linux-x86_64, r-release-macos-arm64, r-release-macos-x86_64, r-release-windows-x86_64

Version: 0.8.9
Check: installed package size
Result: NOTE installed size is 5.2Mb sub-directories of 1Mb or more: R 2.1Mb extdata 1.9Mb Flavors: r-oldrel-macos-arm64, r-oldrel-macos-x86_64