CRAN Package Check Results for Package pointr

Last updated on 2025-07-17 05:49:57 CEST.

Flavor Version Tinstall Tcheck Ttotal Status Flags
r-devel-linux-x86_64-debian-clang 0.2.0 1.64 18.48 20.12 OK
r-devel-linux-x86_64-debian-gcc 0.2.0 1.24 15.78 17.02 OK
r-devel-linux-x86_64-fedora-clang 0.2.0 29.51 OK
r-devel-linux-x86_64-fedora-gcc 0.2.0 27.94 OK
r-devel-windows-x86_64 0.2.0 2.00 39.00 41.00 OK
r-patched-linux-x86_64 0.2.0 1.72 16.53 18.25 OK
r-release-linux-x86_64 0.2.0 1.67 16.55 18.22 OK
r-release-macos-arm64 0.2.0 18.00 OK
r-release-macos-x86_64 0.2.0 23.00 OK
r-release-windows-x86_64 0.2.0 3.00 41.00 44.00 OK
r-oldrel-macos-arm64 0.2.0 15.00 NOTE
r-oldrel-macos-x86_64 0.2.0 20.00 NOTE
r-oldrel-windows-x86_64 0.2.0 3.00 42.00 45.00 NOTE

Check Details

Version: 0.2.0
Check: LazyData
Result: NOTE 'LazyData' is specified without a 'data' directory Flavors: r-oldrel-macos-arm64, r-oldrel-macos-x86_64, r-oldrel-windows-x86_64