Last updated on 2025-11-27 12:49:49 CET.
| Flavor | Version | Tinstall | Tcheck | Ttotal | Status | Flags |
|---|---|---|---|---|---|---|
| r-devel-linux-x86_64-debian-clang | 3.1.1 | 97.44 | 376.88 | 474.32 | NOTE | |
| r-devel-linux-x86_64-debian-gcc | 3.1.1 | 63.62 | 239.64 | 303.26 | NOTE | |
| r-devel-linux-x86_64-fedora-clang | 3.1.1 | 190.00 | 571.78 | 761.78 | OK | |
| r-devel-linux-x86_64-fedora-gcc | 3.1.1 | 331.00 | 451.95 | 782.95 | OK | |
| r-devel-windows-x86_64 | 3.1.1 | 127.00 | 367.00 | 494.00 | OK | |
| r-patched-linux-x86_64 | 3.1.1 | 104.85 | 345.51 | 450.36 | NOTE | |
| r-release-linux-x86_64 | 3.1.1 | 95.21 | 357.50 | 452.71 | OK | |
| r-release-macos-arm64 | 3.1.1 | OK | ||||
| r-release-macos-x86_64 | 3.1.1 | 62.00 | 248.00 | 310.00 | OK | |
| r-release-windows-x86_64 | 3.1.1 | 113.00 | 379.00 | 492.00 | OK | |
| r-oldrel-macos-arm64 | 3.1.1 | NOTE | ||||
| r-oldrel-macos-x86_64 | 3.1.1 | 65.00 | 249.00 | 314.00 | NOTE | |
| r-oldrel-windows-x86_64 | 3.1.1 | 144.00 | 494.00 | 638.00 | NOTE |
Version: 3.1.1
Check: whether startup messages can be suppressed
Result: NOTE
! To use `viewer = 'mapview'`, install the following packages: mapview, mapedit, and leafem
It looks like this package (or a package it requires) has a startup
message which cannot be suppressed: see ?packageStartupMessage.
Flavors: r-devel-linux-x86_64-debian-clang, r-devel-linux-x86_64-debian-gcc, r-patched-linux-x86_64
Version: 3.1.1
Check: installed package size
Result: NOTE
installed size is 9.0Mb
sub-directories of 1Mb or more:
libs 5.5Mb
tmp_images 1.9Mb
Flavors: r-oldrel-macos-arm64, r-oldrel-macos-x86_64, r-oldrel-windows-x86_64