Last updated on 2025-07-16 11:50:46 CEST.
Flavor | Version | Tinstall | Tcheck | Ttotal | Status | Flags |
---|---|---|---|---|---|---|
r-devel-linux-x86_64-debian-clang | 2.3.0.1 | 12.26 | 103.08 | 115.34 | NOTE | |
r-devel-linux-x86_64-debian-gcc | 2.3.0.1 | 10.02 | 75.33 | 85.35 | NOTE | |
r-devel-linux-x86_64-fedora-clang | 2.3.0.1 | 181.99 | OK | |||
r-devel-linux-x86_64-fedora-gcc | 2.3.0.1 | 204.26 | OK | |||
r-devel-windows-x86_64 | 2.3.0.1 | 14.00 | 114.00 | 128.00 | NOTE | |
r-patched-linux-x86_64 | 2.3.0.1 | 14.79 | 97.46 | 112.25 | NOTE | |
r-release-linux-x86_64 | 2.3.0.1 | 13.46 | 99.48 | 112.94 | NOTE | |
r-release-macos-arm64 | 2.3.0.1 | 73.00 | OK | |||
r-release-macos-x86_64 | 2.3.0.1 | 102.00 | OK | |||
r-release-windows-x86_64 | 2.3.0.1 | 16.00 | 119.00 | 135.00 | NOTE | |
r-oldrel-macos-arm64 | 2.3.0.1 | 56.00 | OK | |||
r-oldrel-macos-x86_64 | 2.3.0.1 | 124.00 | OK | |||
r-oldrel-windows-x86_64 | 2.3.0.1 | 21.00 | 146.00 | 167.00 | OK |
Version: 2.3.0.1
Check: Rd cross-references
Result: NOTE
Found the following Rd file(s) with Rd \link{} targets missing package
anchors:
anova.psem.Rd: Anova
coefs.Rd: Anova
summary.psem.Rd: Anova
Please provide package anchors for all Rd \link{} targets not in the
package itself and the base packages.
Flavors: r-devel-linux-x86_64-debian-clang, r-devel-linux-x86_64-debian-gcc, r-devel-windows-x86_64, r-patched-linux-x86_64, r-release-linux-x86_64, r-release-windows-x86_64