CRAN Package Check Results for Package phyloTop

Last updated on 2025-07-16 23:49:23 CEST.

Flavor Version Tinstall Tcheck Ttotal Status Flags
r-devel-linux-x86_64-debian-clang 2.1.2 10.76 80.26 91.02 NOTE
r-devel-linux-x86_64-debian-gcc 2.1.2 8.33 58.71 67.04 NOTE
r-devel-linux-x86_64-fedora-clang 2.1.2 133.32 OK
r-devel-linux-x86_64-fedora-gcc 2.1.2 119.99 OK
r-devel-windows-x86_64 2.1.2 13.00 90.00 103.00 NOTE
r-patched-linux-x86_64 2.1.2 10.19 72.32 82.51 NOTE
r-release-linux-x86_64 2.1.2 9.89 73.05 82.94 NOTE
r-release-macos-arm64 2.1.2 48.00 OK
r-release-macos-x86_64 2.1.2 70.00 OK
r-release-windows-x86_64 2.1.2 12.00 93.00 105.00 NOTE
r-oldrel-macos-arm64 2.1.2 39.00 OK
r-oldrel-macos-x86_64 2.1.2 66.00 OK
r-oldrel-windows-x86_64 2.1.2 15.00 109.00 124.00 OK

Check Details

Version: 2.1.2
Check: Rd cross-references
Result: NOTE Found the following Rd file(s) with Rd \link{} targets missing package anchors: makeEpiRecord.Rd: simNHP.fun Please provide package anchors for all Rd \link{} targets not in the package itself and the base packages. Flavors: r-devel-linux-x86_64-debian-clang, r-devel-linux-x86_64-debian-gcc, r-devel-windows-x86_64, r-patched-linux-x86_64, r-release-linux-x86_64, r-release-windows-x86_64