Last updated on 2025-07-16 17:49:31 CEST.
Flavor | Version | Tinstall | Tcheck | Ttotal | Status | Flags |
---|---|---|---|---|---|---|
r-devel-linux-x86_64-debian-clang | 1.3.6 | 7.03 | 98.15 | 105.18 | NOTE | |
r-devel-linux-x86_64-debian-gcc | 1.3.6 | 5.84 | 70.96 | 76.80 | NOTE | |
r-devel-linux-x86_64-fedora-clang | 1.3.6 | 161.91 | OK | |||
r-devel-linux-x86_64-fedora-gcc | 1.3.6 | 160.73 | OK | |||
r-devel-windows-x86_64 | 1.3.6 | 8.00 | 117.00 | 125.00 | OK | |
r-patched-linux-x86_64 | 1.3.6 | 8.06 | 93.09 | 101.15 | OK | |
r-release-linux-x86_64 | 1.3.6 | 7.55 | 92.82 | 100.37 | OK | |
r-release-macos-arm64 | 1.3.6 | 69.00 | OK | |||
r-release-macos-x86_64 | 1.3.6 | 136.00 | OK | |||
r-release-windows-x86_64 | 1.3.6 | 8.00 | 125.00 | 133.00 | OK | |
r-oldrel-macos-arm64 | 1.3.6 | 57.00 | OK | |||
r-oldrel-macos-x86_64 | 1.3.6 | 102.00 | OK | |||
r-oldrel-windows-x86_64 | 1.3.6 | 11.00 | 153.00 | 164.00 | OK |
Version: 1.3.6
Check: CRAN incoming feasibility
Result: NOTE
Maintainer: ‘Levi Waldron <lwaldron.research@gmail.com>’
No Authors@R field in DESCRIPTION.
Please add one, modifying
Authors@R: person(given = "Levi",
family = "Waldron",
role = c("aut", "cre"),
email = "lwaldron.research@gmail.com")
as necessary.
Package CITATION file contains call(s) to old-style citEntry(). Please
use bibentry() instead.
Flavors: r-devel-linux-x86_64-debian-clang, r-devel-linux-x86_64-debian-gcc