Last updated on 2025-11-28 12:48:45 CET.
| Flavor | Version | Tinstall | Tcheck | Ttotal | Status | Flags |
|---|---|---|---|---|---|---|
| r-devel-linux-x86_64-debian-clang | 0.1.1 | 32.19 | 272.70 | 304.89 | OK | |
| r-devel-linux-x86_64-debian-gcc | 0.1.1 | 18.60 | 179.50 | 198.10 | OK | |
| r-devel-linux-x86_64-fedora-clang | 0.1.1 | 83.00 | 397.36 | 480.36 | OK | |
| r-devel-linux-x86_64-fedora-gcc | 0.1.1 | 146.00 | 359.61 | 505.61 | OK | |
| r-devel-windows-x86_64 | 0.1.1 | 30.00 | 213.00 | 243.00 | OK | |
| r-patched-linux-x86_64 | 0.1.1 | 0.33 | 1.91 | 2.24 | ERROR | |
| r-release-linux-x86_64 | 0.1.1 | 28.14 | 264.82 | 292.96 | OK | |
| r-release-macos-arm64 | 0.1.1 | OK | ||||
| r-release-macos-x86_64 | 0.1.1 | 31.00 | 187.00 | 218.00 | OK | |
| r-release-windows-x86_64 | 0.1.1 | 30.00 | 219.00 | 249.00 | OK | |
| r-oldrel-macos-arm64 | 0.1.1 | OK | ||||
| r-oldrel-macos-x86_64 | 0.1.1 | 30.00 | 282.00 | 312.00 | OK | |
| r-oldrel-windows-x86_64 | 0.1.1 | 42.00 | 290.00 | 332.00 | OK |
Version: 0.1.1
Check: package dependencies
Result: ERROR
Package required but not available: ‘h3jsr’
See section ‘The DESCRIPTION file’ in the ‘Writing R Extensions’
manual.
Flavor: r-patched-linux-x86_64