Last updated on 2025-11-27 12:49:50 CET.
| Flavor | Version | Tinstall | Tcheck | Ttotal | Status | Flags |
|---|---|---|---|---|---|---|
| r-devel-linux-x86_64-debian-clang | 1.0.2 | 1.97 | 47.74 | 49.71 | NOTE | |
| r-devel-linux-x86_64-debian-gcc | 1.0.2 | 1.52 | 33.72 | 35.24 | NOTE | |
| r-devel-linux-x86_64-fedora-clang | 1.0.2 | 75.19 | OK | |||
| r-devel-linux-x86_64-fedora-gcc | 1.0.2 | 86.03 | OK | |||
| r-devel-windows-x86_64 | 1.0.2 | 3.00 | 193.00 | 196.00 | OK | |
| r-patched-linux-x86_64 | 1.0.2 | 1.77 | 44.82 | 46.59 | OK | |
| r-release-linux-x86_64 | 1.0.2 | 1.83 | 43.80 | 45.63 | OK | |
| r-release-macos-arm64 | 1.0.2 | OK | ||||
| r-release-macos-x86_64 | 1.0.2 | 2.00 | 286.00 | 288.00 | OK | |
| r-release-windows-x86_64 | 1.0.2 | 4.00 | 202.00 | 206.00 | OK | |
| r-oldrel-macos-arm64 | 1.0.2 | OK | ||||
| r-oldrel-macos-x86_64 | 1.0.2 | 2.00 | 161.00 | 163.00 | OK | |
| r-oldrel-windows-x86_64 | 1.0.2 | 3.00 | 273.00 | 276.00 | OK |
Version: 1.0.2
Check: CRAN incoming feasibility
Result: NOTE
Maintainer: ‘Peter DeWitt <peter.dewitt@cuanschutz.edu>’
Package CITATION file contains call(s) to old-style citEntry(). Please
use bibentry() instead.
Flavors: r-devel-linux-x86_64-debian-clang, r-devel-linux-x86_64-debian-gcc