Last updated on 2025-07-15 11:49:33 CEST.
Flavor | Version | Tinstall | Tcheck | Ttotal | Status | Flags |
---|---|---|---|---|---|---|
r-devel-linux-x86_64-debian-clang | 1.0.0 | 3.16 | 36.29 | 39.45 | NOTE | |
r-devel-linux-x86_64-debian-gcc | 1.0.0 | 3.22 | 29.21 | 32.43 | NOTE | |
r-devel-linux-x86_64-fedora-clang | 1.0.0 | 61.75 | OK | |||
r-devel-linux-x86_64-fedora-gcc | 1.0.0 | 56.88 | OK | |||
r-devel-windows-x86_64 | 1.0.0 | 5.00 | 54.00 | 59.00 | OK | |
r-patched-linux-x86_64 | 1.0.0 | 3.76 | 33.04 | 36.80 | OK | |
r-release-linux-x86_64 | 1.0.0 | 3.75 | 33.53 | 37.28 | OK | |
r-release-macos-arm64 | 1.0.0 | 25.00 | OK | |||
r-release-macos-x86_64 | 1.0.0 | 40.00 | OK | |||
r-release-windows-x86_64 | 1.0.0 | 5.00 | 62.00 | 67.00 | OK | |
r-oldrel-macos-arm64 | 1.0.0 | 20.00 | OK | |||
r-oldrel-macos-x86_64 | 1.0.0 | 30.00 | OK | |||
r-oldrel-windows-x86_64 | 1.0.0 | 7.00 | 62.00 | 69.00 | OK |
Version: 1.0.0
Check: CRAN incoming feasibility
Result: NOTE
Maintainer: ‘Kevin Chang <k.chang@auckland.ac.nz>’
Package CITATION file contains call(s) to old-style citEntry(). Please
use bibentry() instead.
Flavors: r-devel-linux-x86_64-debian-clang, r-devel-linux-x86_64-debian-gcc