Last updated on 2025-11-27 18:48:50 CET.
| Flavor | Version | Tinstall | Tcheck | Ttotal | Status | Flags |
|---|---|---|---|---|---|---|
| r-devel-linux-x86_64-debian-clang | 0.1.2 | 29.15 | 60.59 | 89.74 | NOTE | |
| r-devel-linux-x86_64-debian-gcc | 0.1.2 | 18.22 | 47.03 | 65.25 | NOTE | |
| r-devel-linux-x86_64-fedora-clang | 0.1.2 | 54.00 | 108.83 | 162.83 | NOTE | |
| r-devel-linux-x86_64-fedora-gcc | 0.1.2 | 60.00 | 109.90 | 169.90 | NOTE | |
| r-devel-windows-x86_64 | 0.1.2 | 44.00 | 99.00 | 143.00 | NOTE | |
| r-patched-linux-x86_64 | 0.1.2 | 27.79 | 56.45 | 84.24 | NOTE | |
| r-release-linux-x86_64 | 0.1.2 | 29.97 | 56.47 | 86.44 | NOTE | |
| r-release-macos-arm64 | 0.1.2 | NOTE | ||||
| r-release-macos-x86_64 | 0.1.2 | 24.00 | 79.00 | 103.00 | NOTE | |
| r-release-windows-x86_64 | 0.1.2 | 35.00 | 100.00 | 135.00 | NOTE | |
| r-oldrel-macos-arm64 | 0.1.2 | NOTE | ||||
| r-oldrel-macos-x86_64 | 0.1.2 | 14.00 | 130.00 | 144.00 | NOTE | |
| r-oldrel-windows-x86_64 | 0.1.2 | 41.00 | 118.00 | 159.00 | NOTE |
Version: 0.1.2
Check: C++ specification
Result: NOTE
Specified C++14: please drop specification unless essential
Flavors: r-devel-linux-x86_64-debian-clang, r-devel-linux-x86_64-debian-gcc, r-devel-windows-x86_64, r-patched-linux-x86_64, r-release-linux-x86_64, r-release-macos-arm64, r-release-macos-x86_64, r-release-windows-x86_64, r-oldrel-macos-arm64, r-oldrel-macos-x86_64, r-oldrel-windows-x86_64
Version: 0.1.2
Check: C++ specification
Result: NOTE
Specified C++14: support will be removed soon
Flavors: r-devel-linux-x86_64-fedora-clang, r-devel-linux-x86_64-fedora-gcc