Last updated on 2025-11-27 18:48:50 CET.
| Flavor | Version | Tinstall | Tcheck | Ttotal | Status | Flags |
|---|---|---|---|---|---|---|
| r-devel-linux-x86_64-debian-clang | 1.0.8 | 0.36 | 3.61 | 3.97 | ERROR | |
| r-devel-linux-x86_64-debian-gcc | 1.0.9 | 0.32 | 3.06 | 3.38 | ERROR | |
| r-devel-linux-x86_64-fedora-clang | 1.0.9 | 37.00 | 191.64 | 228.64 | OK | |
| r-devel-linux-x86_64-fedora-gcc | 1.0.9 | 51.00 | 195.76 | 246.76 | OK | |
| r-devel-windows-x86_64 | 1.0.7 | 24.00 | 247.00 | 271.00 | OK | |
| r-patched-linux-x86_64 | 1.0.8 | 0.36 | 2.04 | 2.40 | ERROR | |
| r-release-linux-x86_64 | 1.0.8 | 14.17 | 124.21 | 138.38 | OK | |
| r-release-macos-arm64 | 1.0.9 | 6.00 | 86.00 | 92.00 | OK | |
| r-release-macos-x86_64 | 1.0.9 | 23.00 | 275.00 | 298.00 | OK | |
| r-release-windows-x86_64 | 1.0.7 | 20.00 | 221.00 | 241.00 | OK | |
| r-oldrel-macos-arm64 | 1.0.9 | 5.00 | 126.00 | 131.00 | OK | |
| r-oldrel-macos-x86_64 | 1.0.9 | 22.00 | 301.00 | 323.00 | OK | |
| r-oldrel-windows-x86_64 | 1.0.9 | 14.00 | 239.00 | 253.00 | OK |
Version: 1.0.8
Check: package dependencies
Result: ERROR
Package required but not available: ‘geojsonsf’
See section ‘The DESCRIPTION file’ in the ‘Writing R Extensions’
manual.
Flavors: r-devel-linux-x86_64-debian-clang, r-patched-linux-x86_64
Version: 1.0.9
Check: package dependencies
Result: ERROR
Package required but not available: ‘geojsonsf’
See section ‘The DESCRIPTION file’ in the ‘Writing R Extensions’
manual.
Flavor: r-devel-linux-x86_64-debian-gcc