Last updated on 2025-07-26 01:50:57 CEST.
Flavor | Version | Tinstall | Tcheck | Ttotal | Status | Flags |
---|---|---|---|---|---|---|
r-devel-linux-x86_64-debian-clang | 1.1.0 | 17.88 | 200.62 | 218.50 | OK | |
r-devel-linux-x86_64-debian-gcc | 1.1.0 | 14.96 | 158.04 | 173.00 | OK | |
r-devel-linux-x86_64-fedora-clang | 1.1.0 | 376.03 | OK | |||
r-devel-linux-x86_64-fedora-gcc | 1.1.0 | 363.86 | OK | |||
r-devel-windows-x86_64 | 1.1.0 | 19.00 | 248.00 | 267.00 | OK | |
r-patched-linux-x86_64 | 1.1.0 | 19.56 | 205.23 | 224.79 | OK | |
r-release-linux-x86_64 | 1.1.0 | 19.52 | 203.65 | 223.17 | OK | |
r-release-macos-arm64 | 1.1.0 | 196.00 | OK | |||
r-release-macos-x86_64 | 1.1.0 | 227.00 | OK | |||
r-release-windows-x86_64 | 1.1.0 | 19.00 | 5.00 | 24.00 | ERROR | |
r-oldrel-macos-arm64 | 1.1.0 | 161.00 | OK | |||
r-oldrel-macos-x86_64 | 1.1.0 | 187.00 | OK | |||
r-oldrel-windows-x86_64 | 1.1.0 | 23.00 | 260.00 | 283.00 | OK |
Version: 1.1.0
Check: whether package can be installed
Result: ERROR
Installation failed.
Flavor: r-release-windows-x86_64