Last updated on 2025-11-28 18:48:48 CET.
| Flavor | Version | Tinstall | Tcheck | Ttotal | Status | Flags |
|---|---|---|---|---|---|---|
| r-devel-linux-x86_64-debian-clang | 1.0.1 | 12.63 | 21.86 | 34.49 | OK | |
| r-devel-linux-x86_64-debian-gcc | 1.0.1 | 8.84 | 18.70 | 27.54 | OK | |
| r-devel-linux-x86_64-fedora-clang | 1.0.1 | 29.00 | 29.08 | 58.08 | OK | |
| r-devel-linux-x86_64-fedora-gcc | 1.0.1 | 30.00 | 22.41 | 52.41 | OK | |
| r-devel-windows-x86_64 | 1.0.1 | 40.00 | 56.00 | 96.00 | OK | |
| r-patched-linux-x86_64 | 1.0.1 | 12.15 | 20.21 | 32.36 | OK | |
| r-release-linux-x86_64 | 1.0.1 | 11.48 | 19.87 | 31.35 | OK | |
| r-release-macos-arm64 | 1.0.1 | OK | ||||
| r-release-macos-x86_64 | 1.0.1 | 18.00 | 24.00 | 42.00 | OK | |
| r-release-windows-x86_64 | 1.0.1 | 37.00 | 68.00 | 105.00 | OK | |
| r-oldrel-macos-arm64 | 1.0.1 | NOTE | ||||
| r-oldrel-macos-x86_64 | 1.0.1 | 16.00 | 37.00 | 53.00 | NOTE | |
| r-oldrel-windows-x86_64 | 1.0.1 | 38.00 | 68.00 | 106.00 | NOTE |
Version: 1.0.1
Check: installed package size
Result: NOTE
installed size is 41.2Mb
sub-directories of 1Mb or more:
libs 1.4Mb
redengine 39.6Mb
Flavors: r-oldrel-macos-arm64, r-oldrel-macos-x86_64, r-oldrel-windows-x86_64