Last updated on 2025-07-15 05:51:24 CEST.
Flavor | Version | Tinstall | Tcheck | Ttotal | Status | Flags |
---|---|---|---|---|---|---|
r-devel-linux-x86_64-debian-clang | 3.2-9 | 4.58 | 40.53 | 45.11 | NOTE | |
r-devel-linux-x86_64-debian-gcc | 3.2-10 | 2.88 | 28.84 | 31.72 | OK | |
r-devel-linux-x86_64-fedora-clang | 3.2-10 | 70.86 | OK | |||
r-devel-linux-x86_64-fedora-gcc | 3.2-10 | 62.91 | OK | |||
r-devel-windows-x86_64 | 3.2-10 | 7.00 | 62.00 | 69.00 | OK | |
r-patched-linux-x86_64 | 3.2-9 | 4.39 | 37.70 | 42.09 | OK | |
r-release-linux-x86_64 | 3.2-9 | 3.97 | 37.83 | 41.80 | OK | |
r-release-macos-arm64 | 3.2-9 | 34.00 | OK | |||
r-release-macos-x86_64 | 3.2-10 | 42.00 | OK | |||
r-release-windows-x86_64 | 3.2-10 | 7.00 | 79.00 | 86.00 | OK | |
r-oldrel-macos-arm64 | 3.2-9 | 24.00 | OK | |||
r-oldrel-macos-x86_64 | 3.2-10 | 46.00 | OK | |||
r-oldrel-windows-x86_64 | 3.2-10 | 8.00 | 69.00 | 77.00 | OK |
Version: 3.2-9
Check: CRAN incoming feasibility
Result: NOTE
Maintainer: ‘Peter Solymos <psolymos@gmail.com>’
No Authors@R field in DESCRIPTION.
Please add one, modifying
Authors@R: person(given = "Peter",
family = "Solymos",
role = c("aut", "cre"),
email = "psolymos@gmail.com")
as necessary.
Flavor: r-devel-linux-x86_64-debian-clang