Last updated on 2025-11-27 12:49:45 CET.
| Flavor | Version | Tinstall | Tcheck | Ttotal | Status | Flags |
|---|---|---|---|---|---|---|
| r-devel-linux-x86_64-debian-clang | 0.4.3 | 0.36 | 3.48 | 3.84 | ERROR | |
| r-devel-linux-x86_64-debian-gcc | 0.4.3 | 0.31 | 2.88 | 3.19 | ERROR | |
| r-devel-linux-x86_64-fedora-clang | 0.4.3 | 132.00 | 290.10 | 422.10 | OK | |
| r-devel-linux-x86_64-fedora-gcc | 0.4.3 | 133.00 | 287.59 | 420.59 | OK | |
| r-devel-windows-x86_64 | 0.4.1 | 31.00 | 202.00 | 233.00 | OK | |
| r-patched-linux-x86_64 | 0.4.3 | 0.37 | 1.93 | 2.30 | ERROR | |
| r-release-linux-x86_64 | 0.4.3 | 24.82 | 215.68 | 240.50 | OK | |
| r-release-macos-arm64 | 0.4.3 | 9.00 | 41.00 | 50.00 | OK | |
| r-release-macos-x86_64 | 0.4.3 | 37.00 | 244.00 | 281.00 | OK | |
| r-release-windows-x86_64 | 0.4.1 | 27.00 | 200.00 | 227.00 | OK | |
| r-oldrel-macos-arm64 | 0.4.3 | 8.00 | 47.00 | 55.00 | OK | |
| r-oldrel-macos-x86_64 | 0.4.3 | 42.00 | 235.00 | 277.00 | OK | |
| r-oldrel-windows-x86_64 | 0.4.3 | 41.00 | 263.00 | 304.00 | OK |
Version: 0.4.3
Check: package dependencies
Result: ERROR
Package required but not available: ‘geojsonsf’
Package suggested but not available for checking: ‘mapboxapi’
See section ‘The DESCRIPTION file’ in the ‘Writing R Extensions’
manual.
Flavors: r-devel-linux-x86_64-debian-clang, r-devel-linux-x86_64-debian-gcc, r-patched-linux-x86_64