Last updated on 2025-07-16 11:50:43 CEST.
Flavor | Version | Tinstall | Tcheck | Ttotal | Status | Flags |
---|---|---|---|---|---|---|
r-devel-linux-x86_64-debian-clang | 3.1 | 14.82 | 120.13 | 134.95 | NOTE | |
r-devel-linux-x86_64-debian-gcc | 3.1 | 10.35 | 87.71 | 98.06 | NOTE | |
r-devel-linux-x86_64-fedora-clang | 3.1 | 202.84 | OK | |||
r-devel-linux-x86_64-fedora-gcc | 3.1 | 196.31 | OK | |||
r-devel-windows-x86_64 | 3.1 | 16.00 | 115.00 | 131.00 | NOTE | |
r-patched-linux-x86_64 | 3.1 | 13.01 | 108.14 | 121.15 | NOTE | |
r-release-linux-x86_64 | 3.1 | 12.08 | 109.22 | 121.30 | NOTE | |
r-release-macos-arm64 | 3.1 | 53.00 | OK | |||
r-release-macos-x86_64 | 3.1 | 96.00 | OK | |||
r-release-windows-x86_64 | 3.1 | 15.00 | 118.00 | 133.00 | NOTE | |
r-oldrel-macos-arm64 | 3.1 | 48.00 | OK | |||
r-oldrel-macos-x86_64 | 3.1 | 105.00 | OK | |||
r-oldrel-windows-x86_64 | 3.1 | 18.00 | 148.00 | 166.00 | OK |
Version: 3.1
Check: Rd cross-references
Result: NOTE
Found the following Rd file(s) with Rd \link{} targets missing package
anchors:
mapStats.Rd: spplot
Please provide package anchors for all Rd \link{} targets not in the
package itself and the base packages.
Flavors: r-devel-linux-x86_64-debian-clang, r-devel-linux-x86_64-debian-gcc, r-devel-windows-x86_64, r-patched-linux-x86_64, r-release-linux-x86_64, r-release-windows-x86_64