Last updated on 2025-11-27 18:48:48 CET.
| Flavor | Version | Tinstall | Tcheck | Ttotal | Status | Flags |
|---|---|---|---|---|---|---|
| r-devel-linux-x86_64-debian-clang | 1.1.0 | 19.35 | 154.97 | 174.32 | NOTE | |
| r-devel-linux-x86_64-debian-gcc | 1.1.0 | 15.09 | 103.60 | 118.69 | NOTE | |
| r-devel-linux-x86_64-fedora-clang | 1.1.0 | 53.00 | 228.55 | 281.55 | NOTE | |
| r-devel-linux-x86_64-fedora-gcc | 1.1.0 | 42.00 | 214.83 | 256.83 | NOTE | |
| r-devel-windows-x86_64 | 1.1.0 | 22.00 | 142.00 | 164.00 | OK | |
| r-patched-linux-x86_64 | 1.1.0 | 20.92 | 145.20 | 166.12 | OK | |
| r-release-linux-x86_64 | 1.1.0 | 19.53 | 147.01 | 166.54 | OK | |
| r-release-macos-arm64 | 1.1.0 | OK | ||||
| r-release-macos-x86_64 | 1.1.0 | 18.00 | 117.00 | 135.00 | OK | |
| r-release-windows-x86_64 | 1.1.0 | 21.00 | 552999.00 | 553020.00 | OK | |
| r-oldrel-macos-arm64 | 1.1.0 | OK | ||||
| r-oldrel-macos-x86_64 | 1.1.0 | 17.00 | 122.00 | 139.00 | OK | |
| r-oldrel-windows-x86_64 | 1.1.0 | 31.00 | 190.00 | 221.00 | OK |
Version: 1.1.0
Check: HTML version of manual
Result: NOTE
Found the following HTML validation problems:
maczic.html:804:1 (mediate_zi.Rd:164): Warning: <script> anchor "MathJax-script" already defined
maczic.html:1305:1 (mediate_zi_vcoef.Rd:178): Warning: <script> anchor "MathJax-script" already defined
Flavors: r-devel-linux-x86_64-debian-clang, r-devel-linux-x86_64-debian-gcc, r-devel-linux-x86_64-fedora-clang, r-devel-linux-x86_64-fedora-gcc