Last updated on 2025-11-27 18:48:48 CET.
| Flavor | Version | Tinstall | Tcheck | Ttotal | Status | Flags |
|---|---|---|---|---|---|---|
| r-devel-linux-x86_64-debian-clang | 0.1.0 | 58.29 | 136.60 | 194.89 | WARN | |
| r-devel-linux-x86_64-debian-gcc | 0.1.0 | 39.47 | 96.50 | 135.97 | WARN | |
| r-devel-linux-x86_64-fedora-clang | 0.1.0 | 223.00 | 117.29 | 340.29 | NOTE | |
| r-devel-linux-x86_64-fedora-gcc | 0.1.0 | 135.00 | 210.54 | 345.54 | NOTE | |
| r-devel-windows-x86_64 | 0.1.0 | 78.00 | 184.00 | 262.00 | NOTE | |
| r-patched-linux-x86_64 | 0.1.0 | 61.45 | 134.00 | 195.45 | NOTE | |
| r-release-linux-x86_64 | 0.1.0 | 58.92 | 131.18 | 190.10 | NOTE | |
| r-release-macos-arm64 | 0.1.0 | NOTE | ||||
| r-release-macos-x86_64 | 0.1.0 | 21.00 | 165.00 | 186.00 | NOTE | |
| r-release-windows-x86_64 | 0.1.0 | 69.00 | 182.00 | 251.00 | NOTE | |
| r-oldrel-macos-arm64 | 0.1.0 | NOTE | ||||
| r-oldrel-macos-x86_64 | 0.1.0 | 18.00 | 123.00 | 141.00 | NOTE | |
| r-oldrel-windows-x86_64 | 0.1.0 | 82.00 | 226.00 | 308.00 | NOTE |
Version: 0.1.0
Check: whether package can be installed
Result: WARN
Found the following significant warnings:
/home/hornik/tmp/R.check/r-devel-clang/Work/build/Packages/RcppArmadillo/include/RcppArmadillo/version/arma.h:66:17: warning: Using fallback compilation with Armadillo 14.6.3. Please consider defining -DARMA_USE_CURRENT and also removing C++11 compilation directive. See GitHub issue #475 for more. [-W#pragma-messages]
See ‘/home/hornik/tmp/R.check/r-devel-clang/Work/PKGS/ltsspca.Rcheck/00install.out’ for details.
* used C++ compiler: ‘Debian clang version 21.1.5 (1)’
Flavor: r-devel-linux-x86_64-debian-clang
Version: 0.1.0
Check: C++ specification
Result: NOTE
Specified C++11: please drop specification unless essential
Flavors: r-devel-linux-x86_64-debian-clang, r-devel-linux-x86_64-debian-gcc, r-devel-windows-x86_64, r-patched-linux-x86_64, r-release-linux-x86_64, r-release-macos-arm64, r-release-macos-x86_64, r-release-windows-x86_64, r-oldrel-macos-arm64, r-oldrel-macos-x86_64, r-oldrel-windows-x86_64
Version: 0.1.0
Check: whether package can be installed
Result: WARN
Found the following significant warnings:
/home/hornik/tmp/R.check/r-devel-gcc/Work/build/Packages/RcppArmadillo/include/RcppArmadillo/version/arma.h:66:199: note: ‘#pragma message: Using fallback compilation with Armadillo 14.6.3. Please consider defining -DARMA_USE_CURRENT and also removing C++11 compilation directive. See GitHub issue #475 for more.’
See ‘/home/hornik/tmp/R.check/r-devel-gcc/Work/PKGS/ltsspca.Rcheck/00install.out’ for details.
* used C++ compiler: ‘g++-15 (Debian 15.2.0-7) 15.2.0’
Flavor: r-devel-linux-x86_64-debian-gcc
Version: 0.1.0
Check: C++ specification
Result: NOTE
Specified C++11: support will be removed soon
Flavors: r-devel-linux-x86_64-fedora-clang, r-devel-linux-x86_64-fedora-gcc