CRAN Package Check Results for Package lme4

Last updated on 2025-07-21 16:50:22 CEST.

Flavor Version Tinstall Tcheck Ttotal Status Flags
r-devel-linux-x86_64-debian-clang 1.1-37 73.64 469.84 543.48 OK
r-devel-linux-x86_64-debian-gcc 1.1-37 52.91 319.69 372.60 OK
r-devel-linux-x86_64-fedora-clang 1.1-37 782.87 OK
r-devel-linux-x86_64-fedora-gcc 1.1-37 907.33 OK
r-devel-windows-x86_64 1.1-37 79.00 407.00 486.00 OK
r-patched-linux-x86_64 1.1-37 78.95 445.34 524.29 OK
r-release-linux-x86_64 1.1-37 76.89 446.95 523.84 OK
r-release-macos-arm64 1.1-37 259.00 NOTE
r-release-macos-x86_64 1.1-37 575.00 NOTE
r-release-windows-x86_64 1.1-37 83.00 406.00 489.00 OK
r-oldrel-macos-arm64 1.1-37 223.00 NOTE
r-oldrel-macos-x86_64 1.1-37 390.00 NOTE
r-oldrel-windows-x86_64 1.1-37 104.00 502.00 606.00 NOTE

Check Details

Version: 1.1-37
Check: compiled code
Result: NOTE File ‘lme4/libs/lme4.so’: Found non-API call to R: ‘CLOENV’ Compiled code should not call non-API entry points in R. See ‘Writing portable packages’ in the ‘Writing R Extensions’ manual, and section ‘Moving into C API compliance’ for issues with the use of non-API entry points. Flavors: r-release-macos-arm64, r-release-macos-x86_64

Version: 1.1-37
Check: installed package size
Result: NOTE installed size is 27.4Mb sub-directories of 1Mb or more: R 1.5Mb doc 1.6Mb libs 22.2Mb testdata 1.3Mb Flavors: r-oldrel-macos-arm64, r-oldrel-macos-x86_64, r-oldrel-windows-x86_64