Last updated on 2025-11-27 18:48:47 CET.
| Flavor | Version | Tinstall | Tcheck | Ttotal | Status | Flags |
|---|---|---|---|---|---|---|
| r-devel-linux-x86_64-debian-clang | 0.1.1 | 0.24 | 2.99 | 3.23 | ERROR | |
| r-devel-linux-x86_64-debian-gcc | 0.1.1 | 0.29 | 2.61 | 2.90 | ERROR | |
| r-devel-linux-x86_64-fedora-clang | 0.1.1 | 94.00 | 47.39 | 141.39 | NOTE | |
| r-devel-linux-x86_64-fedora-gcc | 0.1.1 | 78.00 | 69.97 | 147.97 | NOTE | |
| r-devel-windows-x86_64 | 0.1.1 | 33.00 | 91.00 | 124.00 | NOTE | |
| r-patched-linux-x86_64 | 0.1.1 | 0.30 | 1.98 | 2.28 | ERROR | |
| r-release-linux-x86_64 | 0.1.1 | 17.57 | 57.71 | 75.28 | NOTE | |
| r-release-macos-arm64 | 0.1.1 | NOTE | ||||
| r-release-macos-x86_64 | 0.1.1 | 15.00 | 58.00 | 73.00 | NOTE | |
| r-release-windows-x86_64 | 0.1.1 | 25.00 | 89.00 | 114.00 | NOTE | |
| r-oldrel-macos-arm64 | 0.1.1 | OK | ||||
| r-oldrel-macos-x86_64 | 0.1.1 | 14.00 | 58.00 | 72.00 | OK | |
| r-oldrel-windows-x86_64 | 0.1.1 | 30.00 | 112.00 | 142.00 | OK |
Version: 0.1.1
Check: package dependencies
Result: ERROR
Package required but not available: ‘geojsonsf’
See section ‘The DESCRIPTION file’ in the ‘Writing R Extensions’
manual.
Flavors: r-devel-linux-x86_64-debian-clang, r-devel-linux-x86_64-debian-gcc, r-patched-linux-x86_64
Version: 0.1.1
Check: DESCRIPTION meta-information
Result: NOTE
Missing dependency on R >= 4.1.0 because package code uses the pipe
|> or function shorthand \(...) syntax added in R 4.1.0.
File(s) using such syntax:
‘addCityShape.Rd’ ‘addProvinceShape.Rd’ ‘areaCalculator.R’
Flavors: r-devel-linux-x86_64-fedora-clang, r-devel-linux-x86_64-fedora-gcc, r-devel-windows-x86_64, r-release-linux-x86_64, r-release-macos-arm64, r-release-macos-x86_64, r-release-windows-x86_64