Last updated on 2025-11-27 18:48:47 CET.
| Flavor | Version | Tinstall | Tcheck | Ttotal | Status | Flags |
|---|---|---|---|---|---|---|
| r-devel-linux-x86_64-debian-clang | 0.2.2 | 0.28 | 2.91 | 3.19 | ERROR | |
| r-devel-linux-x86_64-debian-gcc | 0.2.2 | 0.28 | 2.35 | 2.63 | ERROR | |
| r-devel-linux-x86_64-fedora-clang | 0.2.2 | 15.00 | 48.85 | 63.85 | OK | |
| r-devel-linux-x86_64-fedora-gcc | 0.2.2 | 15.00 | 46.43 | 61.43 | OK | |
| r-devel-windows-x86_64 | 0.2.2 | 7.00 | 54.00 | 61.00 | OK | |
| r-patched-linux-x86_64 | 0.2.2 | 0.34 | 1.77 | 2.11 | ERROR | |
| r-release-linux-x86_64 | 0.2.2 | 3.53 | 34.69 | 38.22 | OK | |
| r-release-macos-arm64 | 0.2.2 | OK | ||||
| r-release-macos-x86_64 | 0.2.2 | 3.00 | 35.00 | 38.00 | OK | |
| r-release-windows-x86_64 | 0.2.2 | 6.00 | 53.00 | 59.00 | OK | |
| r-oldrel-macos-arm64 | 0.2.2 | OK | ||||
| r-oldrel-macos-x86_64 | 0.2.2 | 3.00 | 208.00 | 211.00 | OK | |
| r-oldrel-windows-x86_64 | 0.2.2 | 9.00 | 64.00 | 73.00 | OK |
Version: 0.2.2
Check: package dependencies
Result: ERROR
Package required but not available: ‘geojsonsf’
See section ‘The DESCRIPTION file’ in the ‘Writing R Extensions’
manual.
Flavors: r-devel-linux-x86_64-debian-clang, r-devel-linux-x86_64-debian-gcc, r-patched-linux-x86_64