Last updated on 2025-07-16 05:49:26 CEST.
Flavor | Version | Tinstall | Tcheck | Ttotal | Status | Flags |
---|---|---|---|---|---|---|
r-devel-linux-x86_64-debian-clang | 2.2.5 | 10.09 | 24.50 | 34.59 | OK | |
r-devel-linux-x86_64-debian-gcc | 2.2.5 | 8.10 | 20.19 | 28.29 | OK | |
r-devel-linux-x86_64-fedora-clang | 2.2.5 | 56.30 | OK | |||
r-devel-linux-x86_64-fedora-gcc | 2.2.5 | 57.74 | OK | |||
r-devel-windows-x86_64 | 2.2.5 | 23.00 | 66.00 | 89.00 | OK | |
r-patched-linux-x86_64 | 2.2.5 | 10.05 | 22.88 | 32.93 | OK | |
r-release-linux-x86_64 | 2.2.5 | 10.04 | 22.74 | 32.78 | OK | |
r-release-macos-arm64 | 2.2.5 | 46.00 | OK | |||
r-release-macos-x86_64 | 2.2.5 | 61.00 | OK | |||
r-release-windows-x86_64 | 2.2.5 | 20.00 | 68.00 | 88.00 | OK | |
r-oldrel-macos-arm64 | 2.2.5 | 42.00 | NOTE | |||
r-oldrel-macos-x86_64 | 2.2.5 | 57.00 | NOTE | |||
r-oldrel-windows-x86_64 | 2.2.5 | 21.00 | 75.00 | 96.00 | NOTE |
Version: 2.2.5
Check: for GNU extensions in Makefiles
Result: NOTE
GNU make is a SystemRequirements.
Flavors: r-oldrel-macos-arm64, r-oldrel-macos-x86_64, r-oldrel-windows-x86_64