Last updated on 2025-11-27 12:49:43 CET.
| Flavor | Version | Tinstall | Tcheck | Ttotal | Status | Flags |
|---|---|---|---|---|---|---|
| r-devel-linux-x86_64-debian-clang | 0.2.7 | 8.55 | 39.80 | 48.35 | NOTE | |
| r-devel-linux-x86_64-debian-gcc | 0.2.7 | 6.83 | 32.00 | 38.83 | NOTE | |
| r-devel-linux-x86_64-fedora-clang | 0.2.7 | 27.00 | 53.48 | 80.48 | NOTE | |
| r-devel-linux-x86_64-fedora-gcc | 0.2.7 | 27.00 | 62.25 | 89.25 | NOTE | |
| r-devel-windows-x86_64 | 0.2.7 | 25.00 | 71.00 | 96.00 | NOTE | |
| r-patched-linux-x86_64 | 0.2.7 | 8.32 | 36.53 | 44.85 | NOTE | |
| r-release-linux-x86_64 | 0.2.7 | 8.19 | 36.11 | 44.30 | NOTE | |
| r-release-macos-arm64 | 0.2.7 | NOTE | ||||
| r-release-macos-x86_64 | 0.2.7 | 7.00 | 53.00 | 60.00 | NOTE | |
| r-release-windows-x86_64 | 0.2.7 | 17.00 | 71.00 | 88.00 | NOTE | |
| r-oldrel-macos-arm64 | 0.2.7 | NOTE | ||||
| r-oldrel-macos-x86_64 | 0.2.7 | 8.00 | 43.00 | 51.00 | NOTE | |
| r-oldrel-windows-x86_64 | 0.2.7 | 18.00 | 85.00 | 103.00 | NOTE |
Version: 0.2.7
Check: C++ specification
Result: NOTE
Specified C++11: please drop specification unless essential
Flavors: r-devel-linux-x86_64-debian-clang, r-devel-linux-x86_64-debian-gcc, r-devel-windows-x86_64, r-patched-linux-x86_64, r-release-linux-x86_64, r-release-macos-arm64, r-release-macos-x86_64, r-release-windows-x86_64, r-oldrel-macos-arm64, r-oldrel-macos-x86_64, r-oldrel-windows-x86_64
Version: 0.2.7
Check: compiled code
Result: NOTE
File ‘isoband/libs/isoband.so’:
Found non-API call to R: ‘SETLENGTH’
Compiled code should not call non-API entry points in R.
See ‘Writing portable packages’ in the ‘Writing R Extensions’ manual,
and section ‘Moving into C API compliance’ for issues with the use of
non-API entry points.
Flavors: r-devel-linux-x86_64-debian-clang, r-devel-linux-x86_64-debian-gcc, r-devel-linux-x86_64-fedora-clang, r-devel-linux-x86_64-fedora-gcc, r-patched-linux-x86_64, r-release-linux-x86_64, r-release-macos-arm64, r-release-macos-x86_64
Version: 0.2.7
Check: C++ specification
Result: NOTE
Specified C++11: support will be removed soon
Flavors: r-devel-linux-x86_64-fedora-clang, r-devel-linux-x86_64-fedora-gcc
Version: 0.2.7
Check: compiled code
Result: NOTE
File 'isoband/libs/x64/isoband.dll':
Found non-API call to R: 'SETLENGTH'
Compiled code should not call non-API entry points in R.
See 'Writing portable packages' in the 'Writing R Extensions' manual,
and section 'Moving into C API compliance' for issues with the use of
non-API entry points.
Flavors: r-devel-windows-x86_64, r-release-windows-x86_64