CRAN Package Check Results for Package indiedown

Last updated on 2025-07-22 09:50:35 CEST.

Flavor Version Tinstall Tcheck Ttotal Status Flags
r-devel-linux-x86_64-debian-clang 0.1.1 2.22 31.47 33.69 OK
r-devel-linux-x86_64-debian-gcc 0.1.1 1.39 25.86 27.25 OK
r-devel-linux-x86_64-fedora-clang 0.1.1 53.65 OK
r-devel-linux-x86_64-fedora-gcc 0.1.1 63.86 OK
r-devel-windows-x86_64 0.1.1 4.00 54.00 58.00 OK
r-patched-linux-x86_64 0.1.1 1.79 30.06 31.85 OK
r-release-linux-x86_64 0.1.1 2.12 29.98 32.10 OK
r-release-macos-arm64 0.1.1 41.00 OK
r-release-macos-x86_64 0.1.1 55.00 OK
r-release-windows-x86_64 0.1.1 5.00 55.00 60.00 OK
r-oldrel-macos-arm64 0.1.1 29.00 NOTE
r-oldrel-macos-x86_64 0.1.1 41.00 NOTE
r-oldrel-windows-x86_64 0.1.1 5.00 59.00 64.00 NOTE

Check Details

Version: 0.1.1
Check: LazyData
Result: NOTE 'LazyData' is specified without a 'data' directory Flavors: r-oldrel-macos-arm64, r-oldrel-macos-x86_64, r-oldrel-windows-x86_64